{"id":22180,"date":"2026-09-01T13:06:59","date_gmt":"2026-09-01T11:06:59","guid":{"rendered":"https:\/\/oficinaeconomicagalicia.xunta.gal\/?post_type=eventos&#038;p=22180"},"modified":"2026-09-01T13:12:02","modified_gmt":"2026-09-01T11:12:02","slug":"webinario-tam-sam-e-som-calcula-o-mercado-do-teu-proxecto","status":"publish","type":"eventos","link":"https:\/\/oficinaeconomicagalicia.xunta.gal\/en\/events\/webinario-tam-sam-e-som-calcula-o-mercado-do-teu-proxecto\/","title":{"rendered":"Webinar | TAM, SAM and SOM: calculate the market for your project"},"content":{"rendered":"<p>We are holding an online session where we will look at how to calculate TAM, SAM and SOM to size the real market for your project. Discover, with practical examples, how to validate the viability of your business to investors.<\/p>\n<div>\n<p><b>13:00 |<\/b> Lecture by:<\/p>\n<ul>\n<li>Antonio Monteagudo, business consultant and expert collaborator at the Galician Economic Office<\/li>\n<\/ul>\n<p><b>13:30 | <\/b>Questions<\/p>\n<\/div>\n","protected":false},"excerpt":{"rendered":"<p>We are holding an online session on calculating the viability of a business.<\/p>\n","protected":false},"featured_media":22182,"template":"","class_list":["post-22180","eventos","type-eventos","status-publish","has-post-thumbnail","hentry"],"yoast_head":"<!-- This site is optimized with the Yoast SEO plugin v28.3 - https:\/\/yoast.com\/product\/yoast-seo-wordpress\/ -->\n<title>Webinar | TAM, SAM and SOM: calculate the market for your project - Oficina Econ\u00f3mica de Galicia<\/title>\n<meta name=\"robots\" content=\"index, follow, max-snippet:-1, max-image-preview:large, max-video-preview:-1\" \/>\n<link rel=\"canonical\" href=\"https:\/\/oficinaeconomicagalicia.xunta.gal\/en\/events\/webinario-tam-sam-e-som-calcula-o-mercado-do-teu-proxecto\/\" \/>\n<meta property=\"og:locale\" content=\"en_US\" \/>\n<meta property=\"og:type\" content=\"article\" \/>\n<meta property=\"og:title\" content=\"Webinar | TAM, SAM and SOM: calculate the market for your project - Oficina Econ\u00f3mica de Galicia\" \/>\n<meta property=\"og:description\" content=\"We are holding an online session on calculating the viability of a business.\" \/>\n<meta property=\"og:url\" content=\"https:\/\/oficinaeconomicagalicia.xunta.gal\/en\/events\/webinario-tam-sam-e-som-calcula-o-mercado-do-teu-proxecto\/\" \/>\n<meta property=\"og:site_name\" content=\"Oficina Econ\u00f3mica de Galicia\" \/>\n<meta property=\"article:publisher\" content=\"https:\/\/www.facebook.com\/OficinaEconomicadeGalicia\/\" \/>\n<meta property=\"article:modified_time\" content=\"2026-09-01T11:12:02+00:00\" \/>\n<meta property=\"og:image\" content=\"https:\/\/oficinaeconomicagalicia.xunta.gal\/wp-content\/uploads\/2026\/09\/2148352542.webp\" \/>\n\t<meta property=\"og:image:width\" content=\"1000\" \/>\n\t<meta property=\"og:image:height\" content=\"667\" \/>\n\t<meta property=\"og:image:type\" content=\"image\/webp\" \/>\n<meta name=\"twitter:card\" content=\"summary_large_image\" \/>\n<meta name=\"twitter:label1\" content=\"Est. reading time\" \/>\n\t<meta name=\"twitter:data1\" content=\"1 minute\" \/>\n<script type=\"application\/ld+json\" class=\"yoast-schema-graph\">{\"@context\":\"https:\\\/\\\/schema.org\",\"@graph\":[{\"@type\":\"WebPage\",\"@id\":\"https:\\\/\\\/oficinaeconomicagalicia.xunta.gal\\\/en\\\/events\\\/webinario-tam-sam-e-som-calcula-o-mercado-do-teu-proxecto\\\/\",\"url\":\"https:\\\/\\\/oficinaeconomicagalicia.xunta.gal\\\/en\\\/events\\\/webinario-tam-sam-e-som-calcula-o-mercado-do-teu-proxecto\\\/\",\"name\":\"Webinar | TAM, SAM and SOM: calculate the market for your project - Oficina Econ\u00f3mica de Galicia\",\"isPartOf\":{\"@id\":\"https:\\\/\\\/oficinaeconomicagalicia.xunta.gal\\\/#website\"},\"primaryImageOfPage\":{\"@id\":\"https:\\\/\\\/oficinaeconomicagalicia.xunta.gal\\\/en\\\/events\\\/webinario-tam-sam-e-som-calcula-o-mercado-do-teu-proxecto\\\/#primaryimage\"},\"image\":{\"@id\":\"https:\\\/\\\/oficinaeconomicagalicia.xunta.gal\\\/en\\\/events\\\/webinario-tam-sam-e-som-calcula-o-mercado-do-teu-proxecto\\\/#primaryimage\"},\"thumbnailUrl\":\"https:\\\/\\\/oficinaeconomicagalicia.xunta.gal\\\/wp-content\\\/uploads\\\/2026\\\/09\\\/2148352542.webp\",\"datePublished\":\"2026-09-01T11:06:59+00:00\",\"dateModified\":\"2026-09-01T11:12:02+00:00\",\"breadcrumb\":{\"@id\":\"https:\\\/\\\/oficinaeconomicagalicia.xunta.gal\\\/en\\\/events\\\/webinario-tam-sam-e-som-calcula-o-mercado-do-teu-proxecto\\\/#breadcrumb\"},\"inLanguage\":\"en-US\",\"potentialAction\":[{\"@type\":\"ReadAction\",\"target\":[\"https:\\\/\\\/oficinaeconomicagalicia.xunta.gal\\\/en\\\/events\\\/webinario-tam-sam-e-som-calcula-o-mercado-do-teu-proxecto\\\/\"]}]},{\"@type\":\"ImageObject\",\"inLanguage\":\"en-US\",\"@id\":\"https:\\\/\\\/oficinaeconomicagalicia.xunta.gal\\\/en\\\/events\\\/webinario-tam-sam-e-som-calcula-o-mercado-do-teu-proxecto\\\/#primaryimage\",\"url\":\"https:\\\/\\\/oficinaeconomicagalicia.xunta.gal\\\/wp-content\\\/uploads\\\/2026\\\/09\\\/2148352542.webp\",\"contentUrl\":\"https:\\\/\\\/oficinaeconomicagalicia.xunta.gal\\\/wp-content\\\/uploads\\\/2026\\\/09\\\/2148352542.webp\",\"width\":1000,\"height\":667},{\"@type\":\"BreadcrumbList\",\"@id\":\"https:\\\/\\\/oficinaeconomicagalicia.xunta.gal\\\/en\\\/events\\\/webinario-tam-sam-e-som-calcula-o-mercado-do-teu-proxecto\\\/#breadcrumb\",\"itemListElement\":[{\"@type\":\"ListItem\",\"position\":1,\"name\":\"Inicio\",\"item\":\"https:\\\/\\\/oficinaeconomicagalicia.xunta.gal\\\/\"},{\"@type\":\"ListItem\",\"position\":2,\"name\":\"Webinar | TAM, SAM and SOM: calculate the market for your project\"}]},{\"@type\":\"WebSite\",\"@id\":\"https:\\\/\\\/oficinaeconomicagalicia.xunta.gal\\\/#website\",\"url\":\"https:\\\/\\\/oficinaeconomicagalicia.xunta.gal\\\/\",\"name\":\"Oficina Econ\u00f3mica de Galicia\",\"description\":\"Convertir calquera tr\u00e1mite nun mero tr\u00e1mite\",\"publisher\":{\"@id\":\"https:\\\/\\\/oficinaeconomicagalicia.xunta.gal\\\/#organization\"},\"potentialAction\":[{\"@type\":\"SearchAction\",\"target\":{\"@type\":\"EntryPoint\",\"urlTemplate\":\"https:\\\/\\\/oficinaeconomicagalicia.xunta.gal\\\/?s={search_term_string}\"},\"query-input\":{\"@type\":\"PropertyValueSpecification\",\"valueRequired\":true,\"valueName\":\"search_term_string\"}}],\"inLanguage\":\"en-US\"},{\"@type\":\"Organization\",\"@id\":\"https:\\\/\\\/oficinaeconomicagalicia.xunta.gal\\\/#organization\",\"name\":\"Oficina Econ\u00f3mica de Galicia\",\"alternateName\":\"OEG\",\"url\":\"https:\\\/\\\/oficinaeconomicagalicia.xunta.gal\\\/\",\"logo\":{\"@type\":\"ImageObject\",\"inLanguage\":\"en-US\",\"@id\":\"https:\\\/\\\/oficinaeconomicagalicia.xunta.gal\\\/#\\\/schema\\\/logo\\\/image\\\/\",\"url\":\"https:\\\/\\\/oficinaeconomicagalicia.xunta.gal\\\/wp-content\\\/uploads\\\/2023\\\/04\\\/xunta.svg\",\"contentUrl\":\"https:\\\/\\\/oficinaeconomicagalicia.xunta.gal\\\/wp-content\\\/uploads\\\/2023\\\/04\\\/xunta.svg\",\"width\":5952.76,\"height\":1700.79,\"caption\":\"Oficina Econ\u00f3mica de Galicia\"},\"image\":{\"@id\":\"https:\\\/\\\/oficinaeconomicagalicia.xunta.gal\\\/#\\\/schema\\\/logo\\\/image\\\/\"},\"sameAs\":[\"https:\\\/\\\/www.facebook.com\\\/OficinaEconomicadeGalicia\\\/\",\"https:\\\/\\\/www.linkedin.com\\\/company\\\/oficina-economica-de-galicia\\\/\"]}]}<\/script>\n<!-- \/ Yoast SEO plugin. -->","yoast_head_json":{"title":"Webinar | TAM, SAM and SOM: calculate the market for your project - Oficina Econ\u00f3mica de Galicia","robots":{"index":"index","follow":"follow","max-snippet":"max-snippet:-1","max-image-preview":"max-image-preview:large","max-video-preview":"max-video-preview:-1"},"canonical":"https:\/\/oficinaeconomicagalicia.xunta.gal\/en\/events\/webinario-tam-sam-e-som-calcula-o-mercado-do-teu-proxecto\/","og_locale":"en_US","og_type":"article","og_title":"Webinar | TAM, SAM and SOM: calculate the market for your project - Oficina Econ\u00f3mica de Galicia","og_description":"We are holding an online session on calculating the viability of a business.","og_url":"https:\/\/oficinaeconomicagalicia.xunta.gal\/en\/events\/webinario-tam-sam-e-som-calcula-o-mercado-do-teu-proxecto\/","og_site_name":"Oficina Econ\u00f3mica de Galicia","article_publisher":"https:\/\/www.facebook.com\/OficinaEconomicadeGalicia\/","article_modified_time":"2026-09-01T11:12:02+00:00","og_image":[{"width":1000,"height":667,"url":"https:\/\/oficinaeconomicagalicia.xunta.gal\/wp-content\/uploads\/2026\/09\/2148352542.webp","type":"image\/webp"}],"twitter_card":"summary_large_image","twitter_misc":{"Est. reading time":"1 minute"},"schema":{"@context":"https:\/\/schema.org","@graph":[{"@type":"WebPage","@id":"https:\/\/oficinaeconomicagalicia.xunta.gal\/en\/events\/webinario-tam-sam-e-som-calcula-o-mercado-do-teu-proxecto\/","url":"https:\/\/oficinaeconomicagalicia.xunta.gal\/en\/events\/webinario-tam-sam-e-som-calcula-o-mercado-do-teu-proxecto\/","name":"Webinar | TAM, SAM and SOM: calculate the market for your project - Oficina Econ\u00f3mica de Galicia","isPartOf":{"@id":"https:\/\/oficinaeconomicagalicia.xunta.gal\/#website"},"primaryImageOfPage":{"@id":"https:\/\/oficinaeconomicagalicia.xunta.gal\/en\/events\/webinario-tam-sam-e-som-calcula-o-mercado-do-teu-proxecto\/#primaryimage"},"image":{"@id":"https:\/\/oficinaeconomicagalicia.xunta.gal\/en\/events\/webinario-tam-sam-e-som-calcula-o-mercado-do-teu-proxecto\/#primaryimage"},"thumbnailUrl":"https:\/\/oficinaeconomicagalicia.xunta.gal\/wp-content\/uploads\/2026\/09\/2148352542.webp","datePublished":"2026-09-01T11:06:59+00:00","dateModified":"2026-09-01T11:12:02+00:00","breadcrumb":{"@id":"https:\/\/oficinaeconomicagalicia.xunta.gal\/en\/events\/webinario-tam-sam-e-som-calcula-o-mercado-do-teu-proxecto\/#breadcrumb"},"inLanguage":"en-US","potentialAction":[{"@type":"ReadAction","target":["https:\/\/oficinaeconomicagalicia.xunta.gal\/en\/events\/webinario-tam-sam-e-som-calcula-o-mercado-do-teu-proxecto\/"]}]},{"@type":"ImageObject","inLanguage":"en-US","@id":"https:\/\/oficinaeconomicagalicia.xunta.gal\/en\/events\/webinario-tam-sam-e-som-calcula-o-mercado-do-teu-proxecto\/#primaryimage","url":"https:\/\/oficinaeconomicagalicia.xunta.gal\/wp-content\/uploads\/2026\/09\/2148352542.webp","contentUrl":"https:\/\/oficinaeconomicagalicia.xunta.gal\/wp-content\/uploads\/2026\/09\/2148352542.webp","width":1000,"height":667},{"@type":"BreadcrumbList","@id":"https:\/\/oficinaeconomicagalicia.xunta.gal\/en\/events\/webinario-tam-sam-e-som-calcula-o-mercado-do-teu-proxecto\/#breadcrumb","itemListElement":[{"@type":"ListItem","position":1,"name":"Inicio","item":"https:\/\/oficinaeconomicagalicia.xunta.gal\/"},{"@type":"ListItem","position":2,"name":"Webinar | TAM, SAM and SOM: calculate the market for your project"}]},{"@type":"WebSite","@id":"https:\/\/oficinaeconomicagalicia.xunta.gal\/#website","url":"https:\/\/oficinaeconomicagalicia.xunta.gal\/","name":"Oficina Econ\u00f3mica de Galicia","description":"Convertir calquera tr\u00e1mite nun mero tr\u00e1mite","publisher":{"@id":"https:\/\/oficinaeconomicagalicia.xunta.gal\/#organization"},"potentialAction":[{"@type":"SearchAction","target":{"@type":"EntryPoint","urlTemplate":"https:\/\/oficinaeconomicagalicia.xunta.gal\/?s={search_term_string}"},"query-input":{"@type":"PropertyValueSpecification","valueRequired":true,"valueName":"search_term_string"}}],"inLanguage":"en-US"},{"@type":"Organization","@id":"https:\/\/oficinaeconomicagalicia.xunta.gal\/#organization","name":"Oficina Econ\u00f3mica de Galicia","alternateName":"OEG","url":"https:\/\/oficinaeconomicagalicia.xunta.gal\/","logo":{"@type":"ImageObject","inLanguage":"en-US","@id":"https:\/\/oficinaeconomicagalicia.xunta.gal\/#\/schema\/logo\/image\/","url":"https:\/\/oficinaeconomicagalicia.xunta.gal\/wp-content\/uploads\/2023\/04\/xunta.svg","contentUrl":"https:\/\/oficinaeconomicagalicia.xunta.gal\/wp-content\/uploads\/2023\/04\/xunta.svg","width":5952.76,"height":1700.79,"caption":"Oficina Econ\u00f3mica de Galicia"},"image":{"@id":"https:\/\/oficinaeconomicagalicia.xunta.gal\/#\/schema\/logo\/image\/"},"sameAs":["https:\/\/www.facebook.com\/OficinaEconomicadeGalicia\/","https:\/\/www.linkedin.com\/company\/oficina-economica-de-galicia\/"]}]}},"_links":{"self":[{"href":"https:\/\/oficinaeconomicagalicia.xunta.gal\/en\/wp-json\/wp\/v2\/eventos\/22180","targetHints":{"allow":["GET"]}}],"collection":[{"href":"https:\/\/oficinaeconomicagalicia.xunta.gal\/en\/wp-json\/wp\/v2\/eventos"}],"about":[{"href":"https:\/\/oficinaeconomicagalicia.xunta.gal\/en\/wp-json\/wp\/v2\/types\/eventos"}],"version-history":[{"count":4,"href":"https:\/\/oficinaeconomicagalicia.xunta.gal\/en\/wp-json\/wp\/v2\/eventos\/22180\/revisions"}],"predecessor-version":[{"id":22192,"href":"https:\/\/oficinaeconomicagalicia.xunta.gal\/en\/wp-json\/wp\/v2\/eventos\/22180\/revisions\/22192"}],"wp:featuredmedia":[{"embeddable":true,"href":"https:\/\/oficinaeconomicagalicia.xunta.gal\/en\/wp-json\/wp\/v2\/media\/22182"}],"wp:attachment":[{"href":"https:\/\/oficinaeconomicagalicia.xunta.gal\/en\/wp-json\/wp\/v2\/media?parent=22180"}],"curies":[{"name":"wp","href":"https:\/\/api.w.org\/{rel}","templated":true}]}}

<!-- This site is optimized with the Yoast SEO plugin v28.3 - https://yoast.com/product/yoast-seo-wordpress/ -->
<title>Webinar | TAM, SAM and SOM: calculate the market for your project - Oficina Económica de Galicia</title>
<meta name="robots" content="index, follow, max-snippet:-1, max-image-preview:large, max-video-preview:-1" />
<link rel="canonical" href="https://oficinaeconomicagalicia.xunta.gal/en/events/webinario-tam-sam-e-som-calcula-o-mercado-do-teu-proxecto/" />
<meta property="og:locale" content="en_US" />
<meta property="og:type" content="article" />
<meta property="og:title" content="Webinar | TAM, SAM and SOM: calculate the market for your project - Oficina Económica de Galicia" />
<meta property="og:description" content="We are holding an online session on calculating the viability of a business." />
<meta property="og:url" content="https://oficinaeconomicagalicia.xunta.gal/en/events/webinario-tam-sam-e-som-calcula-o-mercado-do-teu-proxecto/" />
<meta property="og:site_name" content="Oficina Económica de Galicia" />
<meta property="article:publisher" content="https://www.facebook.com/OficinaEconomicadeGalicia/" />
<meta property="article:modified_time" content="2026-09-01T11:12:02+00:00" />
<meta property="og:image" content="https://oficinaeconomicagalicia.xunta.gal/wp-content/uploads/2026/09/2148352542.webp" />
	<meta property="og:image:width" content="1000" />
	<meta property="og:image:height" content="667" />
	<meta property="og:image:type" content="image/webp" />
<meta name="twitter:card" content="summary_large_image" />
<meta name="twitter:label1" content="Est. reading time" />
	<meta name="twitter:data1" content="1 minute" />
<script type="application/ld+json" class="yoast-schema-graph">{"@context":"https:\/\/schema.org","@graph":[{"@type":"WebPage","@id":"https:\/\/oficinaeconomicagalicia.xunta.gal\/en\/events\/webinario-tam-sam-e-som-calcula-o-mercado-do-teu-proxecto\/","url":"https:\/\/oficinaeconomicagalicia.xunta.gal\/en\/events\/webinario-tam-sam-e-som-calcula-o-mercado-do-teu-proxecto\/","name":"Webinar | TAM, SAM and SOM: calculate the market for your project - Oficina Económica de Galicia","isPartOf":{"@id":"https:\/\/oficinaeconomicagalicia.xunta.gal\/#website"},"primaryImageOfPage":{"@id":"https:\/\/oficinaeconomicagalicia.xunta.gal\/en\/events\/webinario-tam-sam-e-som-calcula-o-mercado-do-teu-proxecto\/#primaryimage"},"image":{"@id":"https:\/\/oficinaeconomicagalicia.xunta.gal\/en\/events\/webinario-tam-sam-e-som-calcula-o-mercado-do-teu-proxecto\/#primaryimage"},"thumbnailUrl":"https:\/\/oficinaeconomicagalicia.xunta.gal\/wp-content\/uploads\/2026\/09\/2148352542.webp","datePublished":"2026-09-01T11:06:59+00:00","dateModified":"2026-09-01T11:12:02+00:00","breadcrumb":{"@id":"https:\/\/oficinaeconomicagalicia.xunta.gal\/en\/events\/webinario-tam-sam-e-som-calcula-o-mercado-do-teu-proxecto\/#breadcrumb"},"inLanguage":"en-US","potentialAction":[{"@type":"ReadAction","target":["https:\/\/oficinaeconomicagalicia.xunta.gal\/en\/events\/webinario-tam-sam-e-som-calcula-o-mercado-do-teu-proxecto\/"]}]},{"@type":"ImageObject","inLanguage":"en-US","@id":"https:\/\/oficinaeconomicagalicia.xunta.gal\/en\/events\/webinario-tam-sam-e-som-calcula-o-mercado-do-teu-proxecto\/#primaryimage","url":"https:\/\/oficinaeconomicagalicia.xunta.gal\/wp-content\/uploads\/2026\/09\/2148352542.webp","contentUrl":"https:\/\/oficinaeconomicagalicia.xunta.gal\/wp-content\/uploads\/2026\/09\/2148352542.webp","width":1000,"height":667},{"@type":"BreadcrumbList","@id":"https:\/\/oficinaeconomicagalicia.xunta.gal\/en\/events\/webinario-tam-sam-e-som-calcula-o-mercado-do-teu-proxecto\/#breadcrumb","itemListElement":[{"@type":"ListItem","position":1,"name":"Inicio","item":"https:\/\/oficinaeconomicagalicia.xunta.gal\/"},{"@type":"ListItem","position":2,"name":"Webinar | TAM, SAM and SOM: calculate the market for your project"}]},{"@type":"WebSite","@id":"https:\/\/oficinaeconomicagalicia.xunta.gal\/#website","url":"https:\/\/oficinaeconomicagalicia.xunta.gal\/","name":"Oficina Económica de Galicia","description":"Convertir calquera trámite nun mero trámite","publisher":{"@id":"https:\/\/oficinaeconomicagalicia.xunta.gal\/#organization"},"potentialAction":[{"@type":"SearchAction","target":{"@type":"EntryPoint","urlTemplate":"https:\/\/oficinaeconomicagalicia.xunta.gal\/?s={search_term_string}"},"query-input":{"@type":"PropertyValueSpecification","valueRequired":true,"valueName":"search_term_string"}}],"inLanguage":"en-US"},{"@type":"Organization","@id":"https:\/\/oficinaeconomicagalicia.xunta.gal\/#organization","name":"Oficina Económica de Galicia","alternateName":"OEG","url":"https:\/\/oficinaeconomicagalicia.xunta.gal\/","logo":{"@type":"ImageObject","inLanguage":"en-US","@id":"https:\/\/oficinaeconomicagalicia.xunta.gal\/#\/schema\/logo\/image\/","url":"https:\/\/oficinaeconomicagalicia.xunta.gal\/wp-content\/uploads\/2023\/04\/xunta.svg","contentUrl":"https:\/\/oficinaeconomicagalicia.xunta.gal\/wp-content\/uploads\/2023\/04\/xunta.svg","width":5952.76,"height":1700.79,"caption":"Oficina Económica de Galicia"},"image":{"@id":"https:\/\/oficinaeconomicagalicia.xunta.gal\/#\/schema\/logo\/image\/"},"sameAs":["https:\/\/www.facebook.com\/OficinaEconomicadeGalicia\/","https:\/\/www.linkedin.com\/company\/oficina-economica-de-galicia\/"]}]}</script>
<!-- / Yoast SEO plugin. -->

Webinar | TAM, SAM and SOM: calculate the market for your project - Oficina Económica de Galicia

Oficina Económica de Galicia

Convertir calquera trámite nun mero trámite
