{"id":16910,"date":"2025-10-05T20:18:35","date_gmt":"2025-10-05T18:18:35","guid":{"rendered":"https:\/\/oficinaeconomicagalicia.xunta.gal\/?post_type=eventos&#038;p=16910"},"modified":"2025-10-23T21:00:29","modified_gmt":"2025-10-23T19:00:29","slug":"webinario-o-modelo-da-empresa-cooperativa","status":"publish","type":"eventos","link":"https:\/\/oficinaeconomicagalicia.xunta.gal\/es\/eventos\/webinario-o-modelo-da-empresa-cooperativa\/","title":{"rendered":"Webinario | O modelo da empresa cooperativa"},"content":{"rendered":"<p>Celebramos unha sesi\u00f3n en li\u00f1a onde co\u00f1ecer\u00e1s\u00a0as caracter\u00edsticas das empresas cooperativas, as s\u00faas tipolox\u00edas e a s\u00faa organizaci\u00f3n como f\u00f3rmula para o emprendemento , a consolidaci\u00f3n, a transformaci\u00f3n empresarial ou o consumo colectivo.<\/p>\n<div>\n<p><b>13:00 |\u00a0<\/b>Benvida da Oficina Econ\u00f3mica de Galicia<\/p>\n<p><b>13:05 |<\/b>\u00a0Ponencia a cargo de:<\/p>\n<ul>\n<li>Teresa Balado,\u00a0t\u00e9cnica de atenci\u00f3n a cooperativas da Uni\u00f3n de Cooperativas EspazoCoop<\/li>\n<\/ul>\n<p><b>13:35 |\u00a0<\/b>Preguntas<\/p>\n<\/div>\n","protected":false},"excerpt":{"rendered":"<p>Celebramos un webinario para dar a co\u00f1ecer o modelo da empresa cooperativa.<\/p>\n","protected":false},"featured_media":16904,"template":"","class_list":["post-16910","eventos","type-eventos","status-publish","has-post-thumbnail","hentry"],"yoast_head":"<!-- This site is optimized with the Yoast SEO plugin v27.5 - https:\/\/yoast.com\/product\/yoast-seo-wordpress\/ -->\n<title>Webinario | O modelo da empresa cooperativa - Oficina Econ\u00f3mica de Galicia<\/title>\n<meta name=\"robots\" content=\"index, follow, max-snippet:-1, max-image-preview:large, max-video-preview:-1\" \/>\n<link rel=\"canonical\" href=\"https:\/\/oficinaeconomicagalicia.xunta.gal\/eventos\/webinario-o-modelo-da-empresa-cooperativa\/\" \/>\n<meta property=\"og:locale\" content=\"es_ES\" \/>\n<meta property=\"og:type\" content=\"article\" \/>\n<meta property=\"og:title\" content=\"Webinario | O modelo da empresa cooperativa - Oficina Econ\u00f3mica de Galicia\" \/>\n<meta property=\"og:description\" content=\"Celebramos un webinario para dar a co\u00f1ecer o modelo da empresa cooperativa.\" \/>\n<meta property=\"og:url\" content=\"https:\/\/oficinaeconomicagalicia.xunta.gal\/eventos\/webinario-o-modelo-da-empresa-cooperativa\/\" \/>\n<meta property=\"og:site_name\" content=\"Oficina Econ\u00f3mica de Galicia\" \/>\n<meta property=\"article:publisher\" content=\"https:\/\/www.facebook.com\/OficinaEconomicadeGalicia\/\" \/>\n<meta property=\"article:modified_time\" content=\"2025-10-23T19:00:29+00:00\" \/>\n<meta property=\"og:image\" content=\"https:\/\/oficinaeconomicagalicia.xunta.gal\/wp-content\/uploads\/2025\/10\/2148407567-1.jpg\" \/>\n\t<meta property=\"og:image:width\" content=\"1000\" \/>\n\t<meta property=\"og:image:height\" content=\"667\" \/>\n\t<meta property=\"og:image:type\" content=\"image\/jpeg\" \/>\n<meta name=\"twitter:card\" content=\"summary_large_image\" \/>\n<meta name=\"twitter:label1\" content=\"Tiempo de lectura\" \/>\n\t<meta name=\"twitter:data1\" content=\"1 minuto\" \/>\n<script type=\"application\/ld+json\" class=\"yoast-schema-graph\">{\"@context\":\"https:\\\/\\\/schema.org\",\"@graph\":[{\"@type\":\"WebPage\",\"@id\":\"https:\\\/\\\/oficinaeconomicagalicia.xunta.gal\\\/eventos\\\/webinario-o-modelo-da-empresa-cooperativa\\\/\",\"url\":\"https:\\\/\\\/oficinaeconomicagalicia.xunta.gal\\\/eventos\\\/webinario-o-modelo-da-empresa-cooperativa\\\/\",\"name\":\"Webinario | O modelo da empresa cooperativa - Oficina Econ\u00f3mica de Galicia\",\"isPartOf\":{\"@id\":\"https:\\\/\\\/oficinaeconomicagalicia.xunta.gal\\\/#website\"},\"primaryImageOfPage\":{\"@id\":\"https:\\\/\\\/oficinaeconomicagalicia.xunta.gal\\\/eventos\\\/webinario-o-modelo-da-empresa-cooperativa\\\/#primaryimage\"},\"image\":{\"@id\":\"https:\\\/\\\/oficinaeconomicagalicia.xunta.gal\\\/eventos\\\/webinario-o-modelo-da-empresa-cooperativa\\\/#primaryimage\"},\"thumbnailUrl\":\"https:\\\/\\\/oficinaeconomicagalicia.xunta.gal\\\/wp-content\\\/uploads\\\/2025\\\/10\\\/2148407567-1.jpg\",\"datePublished\":\"2025-10-05T18:18:35+00:00\",\"dateModified\":\"2025-10-23T19:00:29+00:00\",\"breadcrumb\":{\"@id\":\"https:\\\/\\\/oficinaeconomicagalicia.xunta.gal\\\/eventos\\\/webinario-o-modelo-da-empresa-cooperativa\\\/#breadcrumb\"},\"inLanguage\":\"es\",\"potentialAction\":[{\"@type\":\"ReadAction\",\"target\":[\"https:\\\/\\\/oficinaeconomicagalicia.xunta.gal\\\/eventos\\\/webinario-o-modelo-da-empresa-cooperativa\\\/\"]}]},{\"@type\":\"ImageObject\",\"inLanguage\":\"es\",\"@id\":\"https:\\\/\\\/oficinaeconomicagalicia.xunta.gal\\\/eventos\\\/webinario-o-modelo-da-empresa-cooperativa\\\/#primaryimage\",\"url\":\"https:\\\/\\\/oficinaeconomicagalicia.xunta.gal\\\/wp-content\\\/uploads\\\/2025\\\/10\\\/2148407567-1.jpg\",\"contentUrl\":\"https:\\\/\\\/oficinaeconomicagalicia.xunta.gal\\\/wp-content\\\/uploads\\\/2025\\\/10\\\/2148407567-1.jpg\",\"width\":1000,\"height\":667},{\"@type\":\"BreadcrumbList\",\"@id\":\"https:\\\/\\\/oficinaeconomicagalicia.xunta.gal\\\/eventos\\\/webinario-o-modelo-da-empresa-cooperativa\\\/#breadcrumb\",\"itemListElement\":[{\"@type\":\"ListItem\",\"position\":1,\"name\":\"Inicio\",\"item\":\"https:\\\/\\\/oficinaeconomicagalicia.xunta.gal\\\/\"},{\"@type\":\"ListItem\",\"position\":2,\"name\":\"Webinario | O modelo da empresa cooperativa\"}]},{\"@type\":\"WebSite\",\"@id\":\"https:\\\/\\\/oficinaeconomicagalicia.xunta.gal\\\/#website\",\"url\":\"https:\\\/\\\/oficinaeconomicagalicia.xunta.gal\\\/\",\"name\":\"Oficina Econ\u00f3mica de Galicia\",\"description\":\"Convertir calquera tr\u00e1mite nun mero tr\u00e1mite\",\"publisher\":{\"@id\":\"https:\\\/\\\/oficinaeconomicagalicia.xunta.gal\\\/#organization\"},\"potentialAction\":[{\"@type\":\"SearchAction\",\"target\":{\"@type\":\"EntryPoint\",\"urlTemplate\":\"https:\\\/\\\/oficinaeconomicagalicia.xunta.gal\\\/?s={search_term_string}\"},\"query-input\":{\"@type\":\"PropertyValueSpecification\",\"valueRequired\":true,\"valueName\":\"search_term_string\"}}],\"inLanguage\":\"es\"},{\"@type\":\"Organization\",\"@id\":\"https:\\\/\\\/oficinaeconomicagalicia.xunta.gal\\\/#organization\",\"name\":\"Oficina Econ\u00f3mica de Galicia\",\"alternateName\":\"OEG\",\"url\":\"https:\\\/\\\/oficinaeconomicagalicia.xunta.gal\\\/\",\"logo\":{\"@type\":\"ImageObject\",\"inLanguage\":\"es\",\"@id\":\"https:\\\/\\\/oficinaeconomicagalicia.xunta.gal\\\/#\\\/schema\\\/logo\\\/image\\\/\",\"url\":\"https:\\\/\\\/oficinaeconomicagalicia.xunta.gal\\\/wp-content\\\/uploads\\\/2023\\\/04\\\/xunta.svg\",\"contentUrl\":\"https:\\\/\\\/oficinaeconomicagalicia.xunta.gal\\\/wp-content\\\/uploads\\\/2023\\\/04\\\/xunta.svg\",\"width\":5952.76,\"height\":1700.79,\"caption\":\"Oficina Econ\u00f3mica de Galicia\"},\"image\":{\"@id\":\"https:\\\/\\\/oficinaeconomicagalicia.xunta.gal\\\/#\\\/schema\\\/logo\\\/image\\\/\"},\"sameAs\":[\"https:\\\/\\\/www.facebook.com\\\/OficinaEconomicadeGalicia\\\/\",\"https:\\\/\\\/www.linkedin.com\\\/company\\\/oficina-economica-de-galicia\\\/\"]}]}<\/script>\n<!-- \/ Yoast SEO plugin. -->","yoast_head_json":{"title":"Webinario | O modelo da empresa cooperativa - Oficina Econ\u00f3mica de Galicia","robots":{"index":"index","follow":"follow","max-snippet":"max-snippet:-1","max-image-preview":"max-image-preview:large","max-video-preview":"max-video-preview:-1"},"canonical":"https:\/\/oficinaeconomicagalicia.xunta.gal\/eventos\/webinario-o-modelo-da-empresa-cooperativa\/","og_locale":"es_ES","og_type":"article","og_title":"Webinario | O modelo da empresa cooperativa - Oficina Econ\u00f3mica de Galicia","og_description":"Celebramos un webinario para dar a co\u00f1ecer o modelo da empresa cooperativa.","og_url":"https:\/\/oficinaeconomicagalicia.xunta.gal\/eventos\/webinario-o-modelo-da-empresa-cooperativa\/","og_site_name":"Oficina Econ\u00f3mica de Galicia","article_publisher":"https:\/\/www.facebook.com\/OficinaEconomicadeGalicia\/","article_modified_time":"2025-10-23T19:00:29+00:00","og_image":[{"width":1000,"height":667,"url":"https:\/\/oficinaeconomicagalicia.xunta.gal\/wp-content\/uploads\/2025\/10\/2148407567-1.jpg","type":"image\/jpeg"}],"twitter_card":"summary_large_image","twitter_misc":{"Tiempo de lectura":"1 minuto"},"schema":{"@context":"https:\/\/schema.org","@graph":[{"@type":"WebPage","@id":"https:\/\/oficinaeconomicagalicia.xunta.gal\/eventos\/webinario-o-modelo-da-empresa-cooperativa\/","url":"https:\/\/oficinaeconomicagalicia.xunta.gal\/eventos\/webinario-o-modelo-da-empresa-cooperativa\/","name":"Webinario | O modelo da empresa cooperativa - Oficina Econ\u00f3mica de Galicia","isPartOf":{"@id":"https:\/\/oficinaeconomicagalicia.xunta.gal\/#website"},"primaryImageOfPage":{"@id":"https:\/\/oficinaeconomicagalicia.xunta.gal\/eventos\/webinario-o-modelo-da-empresa-cooperativa\/#primaryimage"},"image":{"@id":"https:\/\/oficinaeconomicagalicia.xunta.gal\/eventos\/webinario-o-modelo-da-empresa-cooperativa\/#primaryimage"},"thumbnailUrl":"https:\/\/oficinaeconomicagalicia.xunta.gal\/wp-content\/uploads\/2025\/10\/2148407567-1.jpg","datePublished":"2025-10-05T18:18:35+00:00","dateModified":"2025-10-23T19:00:29+00:00","breadcrumb":{"@id":"https:\/\/oficinaeconomicagalicia.xunta.gal\/eventos\/webinario-o-modelo-da-empresa-cooperativa\/#breadcrumb"},"inLanguage":"es","potentialAction":[{"@type":"ReadAction","target":["https:\/\/oficinaeconomicagalicia.xunta.gal\/eventos\/webinario-o-modelo-da-empresa-cooperativa\/"]}]},{"@type":"ImageObject","inLanguage":"es","@id":"https:\/\/oficinaeconomicagalicia.xunta.gal\/eventos\/webinario-o-modelo-da-empresa-cooperativa\/#primaryimage","url":"https:\/\/oficinaeconomicagalicia.xunta.gal\/wp-content\/uploads\/2025\/10\/2148407567-1.jpg","contentUrl":"https:\/\/oficinaeconomicagalicia.xunta.gal\/wp-content\/uploads\/2025\/10\/2148407567-1.jpg","width":1000,"height":667},{"@type":"BreadcrumbList","@id":"https:\/\/oficinaeconomicagalicia.xunta.gal\/eventos\/webinario-o-modelo-da-empresa-cooperativa\/#breadcrumb","itemListElement":[{"@type":"ListItem","position":1,"name":"Inicio","item":"https:\/\/oficinaeconomicagalicia.xunta.gal\/"},{"@type":"ListItem","position":2,"name":"Webinario | O modelo da empresa cooperativa"}]},{"@type":"WebSite","@id":"https:\/\/oficinaeconomicagalicia.xunta.gal\/#website","url":"https:\/\/oficinaeconomicagalicia.xunta.gal\/","name":"Oficina Econ\u00f3mica de Galicia","description":"Convertir calquera tr\u00e1mite nun mero tr\u00e1mite","publisher":{"@id":"https:\/\/oficinaeconomicagalicia.xunta.gal\/#organization"},"potentialAction":[{"@type":"SearchAction","target":{"@type":"EntryPoint","urlTemplate":"https:\/\/oficinaeconomicagalicia.xunta.gal\/?s={search_term_string}"},"query-input":{"@type":"PropertyValueSpecification","valueRequired":true,"valueName":"search_term_string"}}],"inLanguage":"es"},{"@type":"Organization","@id":"https:\/\/oficinaeconomicagalicia.xunta.gal\/#organization","name":"Oficina Econ\u00f3mica de Galicia","alternateName":"OEG","url":"https:\/\/oficinaeconomicagalicia.xunta.gal\/","logo":{"@type":"ImageObject","inLanguage":"es","@id":"https:\/\/oficinaeconomicagalicia.xunta.gal\/#\/schema\/logo\/image\/","url":"https:\/\/oficinaeconomicagalicia.xunta.gal\/wp-content\/uploads\/2023\/04\/xunta.svg","contentUrl":"https:\/\/oficinaeconomicagalicia.xunta.gal\/wp-content\/uploads\/2023\/04\/xunta.svg","width":5952.76,"height":1700.79,"caption":"Oficina Econ\u00f3mica de Galicia"},"image":{"@id":"https:\/\/oficinaeconomicagalicia.xunta.gal\/#\/schema\/logo\/image\/"},"sameAs":["https:\/\/www.facebook.com\/OficinaEconomicadeGalicia\/","https:\/\/www.linkedin.com\/company\/oficina-economica-de-galicia\/"]}]}},"_links":{"self":[{"href":"https:\/\/oficinaeconomicagalicia.xunta.gal\/es\/wp-json\/wp\/v2\/eventos\/16910","targetHints":{"allow":["GET"]}}],"collection":[{"href":"https:\/\/oficinaeconomicagalicia.xunta.gal\/es\/wp-json\/wp\/v2\/eventos"}],"about":[{"href":"https:\/\/oficinaeconomicagalicia.xunta.gal\/es\/wp-json\/wp\/v2\/types\/eventos"}],"version-history":[{"count":1,"href":"https:\/\/oficinaeconomicagalicia.xunta.gal\/es\/wp-json\/wp\/v2\/eventos\/16910\/revisions"}],"predecessor-version":[{"id":16911,"href":"https:\/\/oficinaeconomicagalicia.xunta.gal\/es\/wp-json\/wp\/v2\/eventos\/16910\/revisions\/16911"}],"wp:featuredmedia":[{"embeddable":true,"href":"https:\/\/oficinaeconomicagalicia.xunta.gal\/es\/wp-json\/wp\/v2\/media\/16904"}],"wp:attachment":[{"href":"https:\/\/oficinaeconomicagalicia.xunta.gal\/es\/wp-json\/wp\/v2\/media?parent=16910"}],"curies":[{"name":"wp","href":"https:\/\/api.w.org\/{rel}","templated":true}]}}

<p>Celebramos unha sesión en liña onde coñecerás as características das empresas cooperativas, as súas tipoloxías e a súa organización como fórmula para o emprendemento , a consolidación, a transformación empresarial ou o consumo colectivo.</p>
<div>
<p><b>13:00 | </b>Benvida da Oficina Económica de Galicia</p>
<p><b>13:05 |</b> Ponencia a cargo de:</p>
<ul>
<li>Teresa Balado, técnica de atención a cooperativas da Unión de Cooperativas EspazoCoop</li>
</ul>
<p><b>13:35 | </b>Preguntas</p>
</div>

<p>Celebramos un webinario para dar a coñecer o modelo da empresa cooperativa.</p>

<!-- This site is optimized with the Yoast SEO plugin v27.5 - https://yoast.com/product/yoast-seo-wordpress/ -->
<title>Webinario | O modelo da empresa cooperativa - Oficina Económica de Galicia</title>
<meta name="robots" content="index, follow, max-snippet:-1, max-image-preview:large, max-video-preview:-1" />
<link rel="canonical" href="https://oficinaeconomicagalicia.xunta.gal/eventos/webinario-o-modelo-da-empresa-cooperativa/" />
<meta property="og:locale" content="es_ES" />
<meta property="og:type" content="article" />
<meta property="og:title" content="Webinario | O modelo da empresa cooperativa - Oficina Económica de Galicia" />
<meta property="og:description" content="Celebramos un webinario para dar a coñecer o modelo da empresa cooperativa." />
<meta property="og:url" content="https://oficinaeconomicagalicia.xunta.gal/eventos/webinario-o-modelo-da-empresa-cooperativa/" />
<meta property="og:site_name" content="Oficina Económica de Galicia" />
<meta property="article:publisher" content="https://www.facebook.com/OficinaEconomicadeGalicia/" />
<meta property="article:modified_time" content="2025-10-23T19:00:29+00:00" />
<meta property="og:image" content="https://oficinaeconomicagalicia.xunta.gal/wp-content/uploads/2025/10/2148407567-1.jpg" />
	<meta property="og:image:width" content="1000" />
	<meta property="og:image:height" content="667" />
	<meta property="og:image:type" content="image/jpeg" />
<meta name="twitter:card" content="summary_large_image" />
<meta name="twitter:label1" content="Tiempo de lectura" />
	<meta name="twitter:data1" content="1 minuto" />
<script type="application/ld+json" class="yoast-schema-graph">{"@context":"https:\/\/schema.org","@graph":[{"@type":"WebPage","@id":"https:\/\/oficinaeconomicagalicia.xunta.gal\/eventos\/webinario-o-modelo-da-empresa-cooperativa\/","url":"https:\/\/oficinaeconomicagalicia.xunta.gal\/eventos\/webinario-o-modelo-da-empresa-cooperativa\/","name":"Webinario | O modelo da empresa cooperativa - Oficina Económica de Galicia","isPartOf":{"@id":"https:\/\/oficinaeconomicagalicia.xunta.gal\/#website"},"primaryImageOfPage":{"@id":"https:\/\/oficinaeconomicagalicia.xunta.gal\/eventos\/webinario-o-modelo-da-empresa-cooperativa\/#primaryimage"},"image":{"@id":"https:\/\/oficinaeconomicagalicia.xunta.gal\/eventos\/webinario-o-modelo-da-empresa-cooperativa\/#primaryimage"},"thumbnailUrl":"https:\/\/oficinaeconomicagalicia.xunta.gal\/wp-content\/uploads\/2025\/10\/2148407567-1.jpg","datePublished":"2025-10-05T18:18:35+00:00","dateModified":"2025-10-23T19:00:29+00:00","breadcrumb":{"@id":"https:\/\/oficinaeconomicagalicia.xunta.gal\/eventos\/webinario-o-modelo-da-empresa-cooperativa\/#breadcrumb"},"inLanguage":"es","potentialAction":[{"@type":"ReadAction","target":["https:\/\/oficinaeconomicagalicia.xunta.gal\/eventos\/webinario-o-modelo-da-empresa-cooperativa\/"]}]},{"@type":"ImageObject","inLanguage":"es","@id":"https:\/\/oficinaeconomicagalicia.xunta.gal\/eventos\/webinario-o-modelo-da-empresa-cooperativa\/#primaryimage","url":"https:\/\/oficinaeconomicagalicia.xunta.gal\/wp-content\/uploads\/2025\/10\/2148407567-1.jpg","contentUrl":"https:\/\/oficinaeconomicagalicia.xunta.gal\/wp-content\/uploads\/2025\/10\/2148407567-1.jpg","width":1000,"height":667},{"@type":"BreadcrumbList","@id":"https:\/\/oficinaeconomicagalicia.xunta.gal\/eventos\/webinario-o-modelo-da-empresa-cooperativa\/#breadcrumb","itemListElement":[{"@type":"ListItem","position":1,"name":"Inicio","item":"https:\/\/oficinaeconomicagalicia.xunta.gal\/"},{"@type":"ListItem","position":2,"name":"Webinario | O modelo da empresa cooperativa"}]},{"@type":"WebSite","@id":"https:\/\/oficinaeconomicagalicia.xunta.gal\/#website","url":"https:\/\/oficinaeconomicagalicia.xunta.gal\/","name":"Oficina Económica de Galicia","description":"Convertir calquera trámite nun mero trámite","publisher":{"@id":"https:\/\/oficinaeconomicagalicia.xunta.gal\/#organization"},"potentialAction":[{"@type":"SearchAction","target":{"@type":"EntryPoint","urlTemplate":"https:\/\/oficinaeconomicagalicia.xunta.gal\/?s={search_term_string}"},"query-input":{"@type":"PropertyValueSpecification","valueRequired":true,"valueName":"search_term_string"}}],"inLanguage":"es"},{"@type":"Organization","@id":"https:\/\/oficinaeconomicagalicia.xunta.gal\/#organization","name":"Oficina Económica de Galicia","alternateName":"OEG","url":"https:\/\/oficinaeconomicagalicia.xunta.gal\/","logo":{"@type":"ImageObject","inLanguage":"es","@id":"https:\/\/oficinaeconomicagalicia.xunta.gal\/#\/schema\/logo\/image\/","url":"https:\/\/oficinaeconomicagalicia.xunta.gal\/wp-content\/uploads\/2023\/04\/xunta.svg","contentUrl":"https:\/\/oficinaeconomicagalicia.xunta.gal\/wp-content\/uploads\/2023\/04\/xunta.svg","width":5952.76,"height":1700.79,"caption":"Oficina Económica de Galicia"},"image":{"@id":"https:\/\/oficinaeconomicagalicia.xunta.gal\/#\/schema\/logo\/image\/"},"sameAs":["https:\/\/www.facebook.com\/OficinaEconomicadeGalicia\/","https:\/\/www.linkedin.com\/company\/oficina-economica-de-galicia\/"]}]}</script>
<!-- / Yoast SEO plugin. -->

Webinario | O modelo da empresa cooperativa - Oficina Económica de Galicia

Celebramos un webinario para dar a coñecer o modelo da empresa cooperativa.

Oficina Económica de Galicia

Convertir calquera trámite nun mero trámite
