{"id":18839,"date":"2026-02-11T13:29:47","date_gmt":"2026-02-11T11:29:47","guid":{"rendered":"https:\/\/oficinaeconomicagalicia.xunta.gal\/eventos\/webinar-novedades-laborales-2026-claves-para-empresas-y-trabajadores\/"},"modified":"2026-03-05T18:37:51","modified_gmt":"2026-03-05T16:37:51","slug":"webinar-novedades-laborales-2026-claves-para-empresas-y-trabajadores","status":"publish","type":"eventos","link":"https:\/\/oficinaeconomicagalicia.xunta.gal\/es\/eventos\/webinar-novedades-laborales-2026-claves-para-empresas-y-trabajadores\/","title":{"rendered":"Webinar | Novedades laborales 2026: claves para empresas y trabajadores"},"content":{"rendered":"<p>Celebramos una sesi\u00f3n en l\u00ednea donde abordaremos los cambios normativos y las principales novedades en el \u00e1mbito laboral que entran en vigor en 2026, ofreciendo orientaci\u00f3n pr\u00e1ctica tanto para empresas como para trabajadores para adaptarse y cumplir con las nuevas obligaciones legales.<\/p>\n<div>\n<p><b>13:00 |<\/b>\u00a0Ponencia a cargo de:<\/p>\n<ul>\n<li>Eva Vilar, de la empresa \u00c1lvarez Real y experta colaboradora de la Oficina Econ\u00f3mica de Galicia<\/li>\n<\/ul>\n<p><b>13:30 | <\/b>Preguntas<\/p>\n<\/div>\n","protected":false},"excerpt":{"rendered":"<p>Celebramos una sesi\u00f3n en l\u00ednea sobre las novedades laborales de 2026.<\/p>\n","protected":false},"featured_media":18819,"template":"","class_list":["post-18839","eventos","type-eventos","status-publish","has-post-thumbnail","hentry"],"yoast_head":"<!-- This site is optimized with the Yoast SEO plugin v27.5 - https:\/\/yoast.com\/product\/yoast-seo-wordpress\/ -->\n<title>Webinar | Novedades laborales 2026: claves para empresas y trabajadores - Oficina Econ\u00f3mica de Galicia<\/title>\n<meta name=\"robots\" content=\"index, follow, max-snippet:-1, max-image-preview:large, max-video-preview:-1\" \/>\n<link rel=\"canonical\" href=\"https:\/\/oficinaeconomicagalicia.xunta.gal\/es\/eventos\/webinar-novedades-laborales-2026-claves-para-empresas-y-trabajadores\/\" \/>\n<meta property=\"og:locale\" content=\"es_ES\" \/>\n<meta property=\"og:type\" content=\"article\" \/>\n<meta property=\"og:title\" content=\"Webinar | Novedades laborales 2026: claves para empresas y trabajadores - Oficina Econ\u00f3mica de Galicia\" \/>\n<meta property=\"og:description\" content=\"Celebramos una sesi\u00f3n en l\u00ednea sobre las novedades laborales de 2026.\" \/>\n<meta property=\"og:url\" content=\"https:\/\/oficinaeconomicagalicia.xunta.gal\/es\/eventos\/webinar-novedades-laborales-2026-claves-para-empresas-y-trabajadores\/\" \/>\n<meta property=\"og:site_name\" content=\"Oficina Econ\u00f3mica de Galicia\" \/>\n<meta property=\"article:publisher\" content=\"https:\/\/www.facebook.com\/OficinaEconomicadeGalicia\/\" \/>\n<meta property=\"article:modified_time\" content=\"2026-03-05T16:37:51+00:00\" \/>\n<meta property=\"og:image\" content=\"https:\/\/oficinaeconomicagalicia.xunta.gal\/wp-content\/uploads\/2026\/02\/17867.jpg\" \/>\n\t<meta property=\"og:image:width\" content=\"1000\" \/>\n\t<meta property=\"og:image:height\" content=\"667\" \/>\n\t<meta property=\"og:image:type\" content=\"image\/jpeg\" \/>\n<meta name=\"twitter:card\" content=\"summary_large_image\" \/>\n<script type=\"application\/ld+json\" class=\"yoast-schema-graph\">{\"@context\":\"https:\\\/\\\/schema.org\",\"@graph\":[{\"@type\":\"WebPage\",\"@id\":\"https:\\\/\\\/oficinaeconomicagalicia.xunta.gal\\\/es\\\/eventos\\\/webinar-novedades-laborales-2026-claves-para-empresas-y-trabajadores\\\/\",\"url\":\"https:\\\/\\\/oficinaeconomicagalicia.xunta.gal\\\/es\\\/eventos\\\/webinar-novedades-laborales-2026-claves-para-empresas-y-trabajadores\\\/\",\"name\":\"Webinar | Novedades laborales 2026: claves para empresas y trabajadores - Oficina Econ\u00f3mica de Galicia\",\"isPartOf\":{\"@id\":\"https:\\\/\\\/oficinaeconomicagalicia.xunta.gal\\\/#website\"},\"primaryImageOfPage\":{\"@id\":\"https:\\\/\\\/oficinaeconomicagalicia.xunta.gal\\\/es\\\/eventos\\\/webinar-novedades-laborales-2026-claves-para-empresas-y-trabajadores\\\/#primaryimage\"},\"image\":{\"@id\":\"https:\\\/\\\/oficinaeconomicagalicia.xunta.gal\\\/es\\\/eventos\\\/webinar-novedades-laborales-2026-claves-para-empresas-y-trabajadores\\\/#primaryimage\"},\"thumbnailUrl\":\"https:\\\/\\\/oficinaeconomicagalicia.xunta.gal\\\/wp-content\\\/uploads\\\/2026\\\/02\\\/17867.jpg\",\"datePublished\":\"2026-02-11T11:29:47+00:00\",\"dateModified\":\"2026-03-05T16:37:51+00:00\",\"breadcrumb\":{\"@id\":\"https:\\\/\\\/oficinaeconomicagalicia.xunta.gal\\\/es\\\/eventos\\\/webinar-novedades-laborales-2026-claves-para-empresas-y-trabajadores\\\/#breadcrumb\"},\"inLanguage\":\"es\",\"potentialAction\":[{\"@type\":\"ReadAction\",\"target\":[\"https:\\\/\\\/oficinaeconomicagalicia.xunta.gal\\\/es\\\/eventos\\\/webinar-novedades-laborales-2026-claves-para-empresas-y-trabajadores\\\/\"]}]},{\"@type\":\"ImageObject\",\"inLanguage\":\"es\",\"@id\":\"https:\\\/\\\/oficinaeconomicagalicia.xunta.gal\\\/es\\\/eventos\\\/webinar-novedades-laborales-2026-claves-para-empresas-y-trabajadores\\\/#primaryimage\",\"url\":\"https:\\\/\\\/oficinaeconomicagalicia.xunta.gal\\\/wp-content\\\/uploads\\\/2026\\\/02\\\/17867.jpg\",\"contentUrl\":\"https:\\\/\\\/oficinaeconomicagalicia.xunta.gal\\\/wp-content\\\/uploads\\\/2026\\\/02\\\/17867.jpg\",\"width\":1000,\"height\":667},{\"@type\":\"BreadcrumbList\",\"@id\":\"https:\\\/\\\/oficinaeconomicagalicia.xunta.gal\\\/es\\\/eventos\\\/webinar-novedades-laborales-2026-claves-para-empresas-y-trabajadores\\\/#breadcrumb\",\"itemListElement\":[{\"@type\":\"ListItem\",\"position\":1,\"name\":\"Inicio\",\"item\":\"https:\\\/\\\/oficinaeconomicagalicia.xunta.gal\\\/\"},{\"@type\":\"ListItem\",\"position\":2,\"name\":\"Webinar | Novedades laborales 2026: claves para empresas y trabajadores\"}]},{\"@type\":\"WebSite\",\"@id\":\"https:\\\/\\\/oficinaeconomicagalicia.xunta.gal\\\/#website\",\"url\":\"https:\\\/\\\/oficinaeconomicagalicia.xunta.gal\\\/\",\"name\":\"Oficina Econ\u00f3mica de Galicia\",\"description\":\"Convertir calquera tr\u00e1mite nun mero tr\u00e1mite\",\"publisher\":{\"@id\":\"https:\\\/\\\/oficinaeconomicagalicia.xunta.gal\\\/#organization\"},\"potentialAction\":[{\"@type\":\"SearchAction\",\"target\":{\"@type\":\"EntryPoint\",\"urlTemplate\":\"https:\\\/\\\/oficinaeconomicagalicia.xunta.gal\\\/?s={search_term_string}\"},\"query-input\":{\"@type\":\"PropertyValueSpecification\",\"valueRequired\":true,\"valueName\":\"search_term_string\"}}],\"inLanguage\":\"es\"},{\"@type\":\"Organization\",\"@id\":\"https:\\\/\\\/oficinaeconomicagalicia.xunta.gal\\\/#organization\",\"name\":\"Oficina Econ\u00f3mica de Galicia\",\"alternateName\":\"OEG\",\"url\":\"https:\\\/\\\/oficinaeconomicagalicia.xunta.gal\\\/\",\"logo\":{\"@type\":\"ImageObject\",\"inLanguage\":\"es\",\"@id\":\"https:\\\/\\\/oficinaeconomicagalicia.xunta.gal\\\/#\\\/schema\\\/logo\\\/image\\\/\",\"url\":\"https:\\\/\\\/oficinaeconomicagalicia.xunta.gal\\\/wp-content\\\/uploads\\\/2023\\\/04\\\/xunta.svg\",\"contentUrl\":\"https:\\\/\\\/oficinaeconomicagalicia.xunta.gal\\\/wp-content\\\/uploads\\\/2023\\\/04\\\/xunta.svg\",\"width\":5952.76,\"height\":1700.79,\"caption\":\"Oficina Econ\u00f3mica de Galicia\"},\"image\":{\"@id\":\"https:\\\/\\\/oficinaeconomicagalicia.xunta.gal\\\/#\\\/schema\\\/logo\\\/image\\\/\"},\"sameAs\":[\"https:\\\/\\\/www.facebook.com\\\/OficinaEconomicadeGalicia\\\/\",\"https:\\\/\\\/www.linkedin.com\\\/company\\\/oficina-economica-de-galicia\\\/\"]}]}<\/script>\n<!-- \/ Yoast SEO plugin. -->","yoast_head_json":{"title":"Webinar | Novedades laborales 2026: claves para empresas y trabajadores - Oficina Econ\u00f3mica de Galicia","robots":{"index":"index","follow":"follow","max-snippet":"max-snippet:-1","max-image-preview":"max-image-preview:large","max-video-preview":"max-video-preview:-1"},"canonical":"https:\/\/oficinaeconomicagalicia.xunta.gal\/es\/eventos\/webinar-novedades-laborales-2026-claves-para-empresas-y-trabajadores\/","og_locale":"es_ES","og_type":"article","og_title":"Webinar | Novedades laborales 2026: claves para empresas y trabajadores - Oficina Econ\u00f3mica de Galicia","og_description":"Celebramos una sesi\u00f3n en l\u00ednea sobre las novedades laborales de 2026.","og_url":"https:\/\/oficinaeconomicagalicia.xunta.gal\/es\/eventos\/webinar-novedades-laborales-2026-claves-para-empresas-y-trabajadores\/","og_site_name":"Oficina Econ\u00f3mica de Galicia","article_publisher":"https:\/\/www.facebook.com\/OficinaEconomicadeGalicia\/","article_modified_time":"2026-03-05T16:37:51+00:00","og_image":[{"width":1000,"height":667,"url":"https:\/\/oficinaeconomicagalicia.xunta.gal\/wp-content\/uploads\/2026\/02\/17867.jpg","type":"image\/jpeg"}],"twitter_card":"summary_large_image","schema":{"@context":"https:\/\/schema.org","@graph":[{"@type":"WebPage","@id":"https:\/\/oficinaeconomicagalicia.xunta.gal\/es\/eventos\/webinar-novedades-laborales-2026-claves-para-empresas-y-trabajadores\/","url":"https:\/\/oficinaeconomicagalicia.xunta.gal\/es\/eventos\/webinar-novedades-laborales-2026-claves-para-empresas-y-trabajadores\/","name":"Webinar | Novedades laborales 2026: claves para empresas y trabajadores - Oficina Econ\u00f3mica de Galicia","isPartOf":{"@id":"https:\/\/oficinaeconomicagalicia.xunta.gal\/#website"},"primaryImageOfPage":{"@id":"https:\/\/oficinaeconomicagalicia.xunta.gal\/es\/eventos\/webinar-novedades-laborales-2026-claves-para-empresas-y-trabajadores\/#primaryimage"},"image":{"@id":"https:\/\/oficinaeconomicagalicia.xunta.gal\/es\/eventos\/webinar-novedades-laborales-2026-claves-para-empresas-y-trabajadores\/#primaryimage"},"thumbnailUrl":"https:\/\/oficinaeconomicagalicia.xunta.gal\/wp-content\/uploads\/2026\/02\/17867.jpg","datePublished":"2026-02-11T11:29:47+00:00","dateModified":"2026-03-05T16:37:51+00:00","breadcrumb":{"@id":"https:\/\/oficinaeconomicagalicia.xunta.gal\/es\/eventos\/webinar-novedades-laborales-2026-claves-para-empresas-y-trabajadores\/#breadcrumb"},"inLanguage":"es","potentialAction":[{"@type":"ReadAction","target":["https:\/\/oficinaeconomicagalicia.xunta.gal\/es\/eventos\/webinar-novedades-laborales-2026-claves-para-empresas-y-trabajadores\/"]}]},{"@type":"ImageObject","inLanguage":"es","@id":"https:\/\/oficinaeconomicagalicia.xunta.gal\/es\/eventos\/webinar-novedades-laborales-2026-claves-para-empresas-y-trabajadores\/#primaryimage","url":"https:\/\/oficinaeconomicagalicia.xunta.gal\/wp-content\/uploads\/2026\/02\/17867.jpg","contentUrl":"https:\/\/oficinaeconomicagalicia.xunta.gal\/wp-content\/uploads\/2026\/02\/17867.jpg","width":1000,"height":667},{"@type":"BreadcrumbList","@id":"https:\/\/oficinaeconomicagalicia.xunta.gal\/es\/eventos\/webinar-novedades-laborales-2026-claves-para-empresas-y-trabajadores\/#breadcrumb","itemListElement":[{"@type":"ListItem","position":1,"name":"Inicio","item":"https:\/\/oficinaeconomicagalicia.xunta.gal\/"},{"@type":"ListItem","position":2,"name":"Webinar | Novedades laborales 2026: claves para empresas y trabajadores"}]},{"@type":"WebSite","@id":"https:\/\/oficinaeconomicagalicia.xunta.gal\/#website","url":"https:\/\/oficinaeconomicagalicia.xunta.gal\/","name":"Oficina Econ\u00f3mica de Galicia","description":"Convertir calquera tr\u00e1mite nun mero tr\u00e1mite","publisher":{"@id":"https:\/\/oficinaeconomicagalicia.xunta.gal\/#organization"},"potentialAction":[{"@type":"SearchAction","target":{"@type":"EntryPoint","urlTemplate":"https:\/\/oficinaeconomicagalicia.xunta.gal\/?s={search_term_string}"},"query-input":{"@type":"PropertyValueSpecification","valueRequired":true,"valueName":"search_term_string"}}],"inLanguage":"es"},{"@type":"Organization","@id":"https:\/\/oficinaeconomicagalicia.xunta.gal\/#organization","name":"Oficina Econ\u00f3mica de Galicia","alternateName":"OEG","url":"https:\/\/oficinaeconomicagalicia.xunta.gal\/","logo":{"@type":"ImageObject","inLanguage":"es","@id":"https:\/\/oficinaeconomicagalicia.xunta.gal\/#\/schema\/logo\/image\/","url":"https:\/\/oficinaeconomicagalicia.xunta.gal\/wp-content\/uploads\/2023\/04\/xunta.svg","contentUrl":"https:\/\/oficinaeconomicagalicia.xunta.gal\/wp-content\/uploads\/2023\/04\/xunta.svg","width":5952.76,"height":1700.79,"caption":"Oficina Econ\u00f3mica de Galicia"},"image":{"@id":"https:\/\/oficinaeconomicagalicia.xunta.gal\/#\/schema\/logo\/image\/"},"sameAs":["https:\/\/www.facebook.com\/OficinaEconomicadeGalicia\/","https:\/\/www.linkedin.com\/company\/oficina-economica-de-galicia\/"]}]}},"_links":{"self":[{"href":"https:\/\/oficinaeconomicagalicia.xunta.gal\/es\/wp-json\/wp\/v2\/eventos\/18839","targetHints":{"allow":["GET"]}}],"collection":[{"href":"https:\/\/oficinaeconomicagalicia.xunta.gal\/es\/wp-json\/wp\/v2\/eventos"}],"about":[{"href":"https:\/\/oficinaeconomicagalicia.xunta.gal\/es\/wp-json\/wp\/v2\/types\/eventos"}],"version-history":[{"count":1,"href":"https:\/\/oficinaeconomicagalicia.xunta.gal\/es\/wp-json\/wp\/v2\/eventos\/18839\/revisions"}],"predecessor-version":[{"id":19081,"href":"https:\/\/oficinaeconomicagalicia.xunta.gal\/es\/wp-json\/wp\/v2\/eventos\/18839\/revisions\/19081"}],"wp:featuredmedia":[{"embeddable":true,"href":"https:\/\/oficinaeconomicagalicia.xunta.gal\/es\/wp-json\/wp\/v2\/media\/18819"}],"wp:attachment":[{"href":"https:\/\/oficinaeconomicagalicia.xunta.gal\/es\/wp-json\/wp\/v2\/media?parent=18839"}],"curies":[{"name":"wp","href":"https:\/\/api.w.org\/{rel}","templated":true}]}}

<p>Celebramos una sesión en línea donde abordaremos los cambios normativos y las principales novedades en el ámbito laboral que entran en vigor en 2026, ofreciendo orientación práctica tanto para empresas como para trabajadores para adaptarse y cumplir con las nuevas obligaciones legales.</p>
<div>
<p><b>13:00 |</b> Ponencia a cargo de:</p>
<ul>
<li>Eva Vilar, de la empresa Álvarez Real y experta colaboradora de la Oficina Económica de Galicia</li>
</ul>
<p><b>13:30 | </b>Preguntas</p>
</div>

<p>Celebramos una sesión en línea sobre las novedades laborales de 2026.</p>

<!-- This site is optimized with the Yoast SEO plugin v27.5 - https://yoast.com/product/yoast-seo-wordpress/ -->
<title>Webinar | Novedades laborales 2026: claves para empresas y trabajadores - Oficina Económica de Galicia</title>
<meta name="robots" content="index, follow, max-snippet:-1, max-image-preview:large, max-video-preview:-1" />
<link rel="canonical" href="https://oficinaeconomicagalicia.xunta.gal/es/eventos/webinar-novedades-laborales-2026-claves-para-empresas-y-trabajadores/" />
<meta property="og:locale" content="es_ES" />
<meta property="og:type" content="article" />
<meta property="og:title" content="Webinar | Novedades laborales 2026: claves para empresas y trabajadores - Oficina Económica de Galicia" />
<meta property="og:description" content="Celebramos una sesión en línea sobre las novedades laborales de 2026." />
<meta property="og:url" content="https://oficinaeconomicagalicia.xunta.gal/es/eventos/webinar-novedades-laborales-2026-claves-para-empresas-y-trabajadores/" />
<meta property="og:site_name" content="Oficina Económica de Galicia" />
<meta property="article:publisher" content="https://www.facebook.com/OficinaEconomicadeGalicia/" />
<meta property="article:modified_time" content="2026-03-05T16:37:51+00:00" />
<meta property="og:image" content="https://oficinaeconomicagalicia.xunta.gal/wp-content/uploads/2026/02/17867.jpg" />
	<meta property="og:image:width" content="1000" />
	<meta property="og:image:height" content="667" />
	<meta property="og:image:type" content="image/jpeg" />
<meta name="twitter:card" content="summary_large_image" />
<script type="application/ld+json" class="yoast-schema-graph">{"@context":"https:\/\/schema.org","@graph":[{"@type":"WebPage","@id":"https:\/\/oficinaeconomicagalicia.xunta.gal\/es\/eventos\/webinar-novedades-laborales-2026-claves-para-empresas-y-trabajadores\/","url":"https:\/\/oficinaeconomicagalicia.xunta.gal\/es\/eventos\/webinar-novedades-laborales-2026-claves-para-empresas-y-trabajadores\/","name":"Webinar | Novedades laborales 2026: claves para empresas y trabajadores - Oficina Económica de Galicia","isPartOf":{"@id":"https:\/\/oficinaeconomicagalicia.xunta.gal\/#website"},"primaryImageOfPage":{"@id":"https:\/\/oficinaeconomicagalicia.xunta.gal\/es\/eventos\/webinar-novedades-laborales-2026-claves-para-empresas-y-trabajadores\/#primaryimage"},"image":{"@id":"https:\/\/oficinaeconomicagalicia.xunta.gal\/es\/eventos\/webinar-novedades-laborales-2026-claves-para-empresas-y-trabajadores\/#primaryimage"},"thumbnailUrl":"https:\/\/oficinaeconomicagalicia.xunta.gal\/wp-content\/uploads\/2026\/02\/17867.jpg","datePublished":"2026-02-11T11:29:47+00:00","dateModified":"2026-03-05T16:37:51+00:00","breadcrumb":{"@id":"https:\/\/oficinaeconomicagalicia.xunta.gal\/es\/eventos\/webinar-novedades-laborales-2026-claves-para-empresas-y-trabajadores\/#breadcrumb"},"inLanguage":"es","potentialAction":[{"@type":"ReadAction","target":["https:\/\/oficinaeconomicagalicia.xunta.gal\/es\/eventos\/webinar-novedades-laborales-2026-claves-para-empresas-y-trabajadores\/"]}]},{"@type":"ImageObject","inLanguage":"es","@id":"https:\/\/oficinaeconomicagalicia.xunta.gal\/es\/eventos\/webinar-novedades-laborales-2026-claves-para-empresas-y-trabajadores\/#primaryimage","url":"https:\/\/oficinaeconomicagalicia.xunta.gal\/wp-content\/uploads\/2026\/02\/17867.jpg","contentUrl":"https:\/\/oficinaeconomicagalicia.xunta.gal\/wp-content\/uploads\/2026\/02\/17867.jpg","width":1000,"height":667},{"@type":"BreadcrumbList","@id":"https:\/\/oficinaeconomicagalicia.xunta.gal\/es\/eventos\/webinar-novedades-laborales-2026-claves-para-empresas-y-trabajadores\/#breadcrumb","itemListElement":[{"@type":"ListItem","position":1,"name":"Inicio","item":"https:\/\/oficinaeconomicagalicia.xunta.gal\/"},{"@type":"ListItem","position":2,"name":"Webinar | Novedades laborales 2026: claves para empresas y trabajadores"}]},{"@type":"WebSite","@id":"https:\/\/oficinaeconomicagalicia.xunta.gal\/#website","url":"https:\/\/oficinaeconomicagalicia.xunta.gal\/","name":"Oficina Económica de Galicia","description":"Convertir calquera trámite nun mero trámite","publisher":{"@id":"https:\/\/oficinaeconomicagalicia.xunta.gal\/#organization"},"potentialAction":[{"@type":"SearchAction","target":{"@type":"EntryPoint","urlTemplate":"https:\/\/oficinaeconomicagalicia.xunta.gal\/?s={search_term_string}"},"query-input":{"@type":"PropertyValueSpecification","valueRequired":true,"valueName":"search_term_string"}}],"inLanguage":"es"},{"@type":"Organization","@id":"https:\/\/oficinaeconomicagalicia.xunta.gal\/#organization","name":"Oficina Económica de Galicia","alternateName":"OEG","url":"https:\/\/oficinaeconomicagalicia.xunta.gal\/","logo":{"@type":"ImageObject","inLanguage":"es","@id":"https:\/\/oficinaeconomicagalicia.xunta.gal\/#\/schema\/logo\/image\/","url":"https:\/\/oficinaeconomicagalicia.xunta.gal\/wp-content\/uploads\/2023\/04\/xunta.svg","contentUrl":"https:\/\/oficinaeconomicagalicia.xunta.gal\/wp-content\/uploads\/2023\/04\/xunta.svg","width":5952.76,"height":1700.79,"caption":"Oficina Económica de Galicia"},"image":{"@id":"https:\/\/oficinaeconomicagalicia.xunta.gal\/#\/schema\/logo\/image\/"},"sameAs":["https:\/\/www.facebook.com\/OficinaEconomicadeGalicia\/","https:\/\/www.linkedin.com\/company\/oficina-economica-de-galicia\/"]}]}</script>
<!-- / Yoast SEO plugin. -->

Webinar | Novedades laborales 2026: claves para empresas y trabajadores - Oficina Económica de Galicia

Celebramos una sesión en línea sobre las novedades laborales de 2026.

Oficina Económica de Galicia

Convertir calquera trámite nun mero trámite
