{"id":13762,"date":"2025-03-12T12:14:49","date_gmt":"2025-03-12T10:14:49","guid":{"rendered":"https:\/\/oficinaeconomicagalicia.xunta.gal\/?post_type=faqs-ambitos&#038;p=13762"},"modified":"2025-02-14T14:27:51","modified_gmt":"2025-02-14T12:27:51","slug":"como-integrar-vehiculos-electricos-en-tu-frota","status":"publish","type":"faqs-ambitos","link":"https:\/\/oficinaeconomicagalicia.xunta.gal\/es\/faqs-ambitos\/como-integrar-vehiculos-electricos-en-tu-frota\/","title":{"rendered":"Como integrar veh\u00edculos el\u00e9ctricos en  tu frota?"},"content":{"rendered":"<p>La transici\u00f3n a una flota el\u00e9ctrica requiere planificaci\u00f3n. La Oficina Econ\u00f3mica Gallega te ayuda a dise\u00f1ar planes de sustituci\u00f3n progresiva, incorporando an\u00e1lisis de costes, beneficios y necesidades de infraestructura de recarga.<\/p>\n<p>No lo dudes <a href=\"https:\/\/oficinaeconomicagalicia.xunta.gal\/asesoramento\/competitividade\/operacions\/\"><strong>solicita el asesoramiento de nuestros expertos<\/strong><\/a><\/p>\n","protected":false},"excerpt":{"rendered":"<p>La transici\u00f3n a una flota el\u00e9ctrica requiere planificaci\u00f3n<\/p>\n","protected":false},"template":"","categorias":[116,102],"class_list":["post-13762","faqs-ambitos","type-faqs-ambitos","status-publish","hentry","categorias-energia","categorias-novos-modelos-enerxeticos"],"yoast_head":"<!-- This site is optimized with the Yoast SEO plugin v27.5 - https:\/\/yoast.com\/product\/yoast-seo-wordpress\/ -->\n<title>Como integrar veh\u00edculos el\u00e9ctricos en tu frota? - Oficina Econ\u00f3mica de Galicia<\/title>\n<meta name=\"description\" content=\"La transici\u00f3n a una flota el\u00e9ctrica requiere planificaci\u00f3n\" \/>\n<meta name=\"robots\" content=\"index, follow, max-snippet:-1, max-image-preview:large, max-video-preview:-1\" \/>\n<link rel=\"canonical\" href=\"https:\/\/oficinaeconomicagalicia.xunta.gal\/faqs-ambitos\/como-integrar-vehiculos-electricos-na-tua-frota\/\" \/>\n<meta property=\"og:locale\" content=\"es_ES\" \/>\n<meta property=\"og:type\" content=\"article\" \/>\n<meta property=\"og:title\" content=\"Como integrar veh\u00edculos el\u00e9ctricos en tu frota? - Oficina Econ\u00f3mica de Galicia\" \/>\n<meta property=\"og:description\" content=\"La transici\u00f3n a una flota el\u00e9ctrica requiere planificaci\u00f3n\" \/>\n<meta property=\"og:url\" content=\"https:\/\/oficinaeconomicagalicia.xunta.gal\/faqs-ambitos\/como-integrar-vehiculos-electricos-na-tua-frota\/\" \/>\n<meta property=\"og:site_name\" content=\"Oficina Econ\u00f3mica de Galicia\" \/>\n<meta property=\"article:publisher\" content=\"https:\/\/www.facebook.com\/OficinaEconomicadeGalicia\/\" \/>\n<meta name=\"twitter:card\" content=\"summary_large_image\" \/>\n<script type=\"application\/ld+json\" class=\"yoast-schema-graph\">{\"@context\":\"https:\\\/\\\/schema.org\",\"@graph\":[{\"@type\":\"WebPage\",\"@id\":\"https:\\\/\\\/oficinaeconomicagalicia.xunta.gal\\\/faqs-ambitos\\\/como-integrar-vehiculos-electricos-na-tua-frota\\\/\",\"url\":\"https:\\\/\\\/oficinaeconomicagalicia.xunta.gal\\\/faqs-ambitos\\\/como-integrar-vehiculos-electricos-na-tua-frota\\\/\",\"name\":\"Como integrar veh\u00edculos el\u00e9ctricos en tu frota? - Oficina Econ\u00f3mica de Galicia\",\"isPartOf\":{\"@id\":\"https:\\\/\\\/oficinaeconomicagalicia.xunta.gal\\\/#website\"},\"datePublished\":\"2025-03-12T10:14:49+00:00\",\"description\":\"La transici\u00f3n a una flota el\u00e9ctrica requiere planificaci\u00f3n\",\"breadcrumb\":{\"@id\":\"https:\\\/\\\/oficinaeconomicagalicia.xunta.gal\\\/faqs-ambitos\\\/como-integrar-vehiculos-electricos-na-tua-frota\\\/#breadcrumb\"},\"inLanguage\":\"es\",\"potentialAction\":[{\"@type\":\"ReadAction\",\"target\":[\"https:\\\/\\\/oficinaeconomicagalicia.xunta.gal\\\/faqs-ambitos\\\/como-integrar-vehiculos-electricos-na-tua-frota\\\/\"]}]},{\"@type\":\"BreadcrumbList\",\"@id\":\"https:\\\/\\\/oficinaeconomicagalicia.xunta.gal\\\/faqs-ambitos\\\/como-integrar-vehiculos-electricos-na-tua-frota\\\/#breadcrumb\",\"itemListElement\":[{\"@type\":\"ListItem\",\"position\":1,\"name\":\"Inicio\",\"item\":\"https:\\\/\\\/oficinaeconomicagalicia.xunta.gal\\\/\"},{\"@type\":\"ListItem\",\"position\":2,\"name\":\"Como integrar veh\u00edculos el\u00e9ctricos en tu frota?\"}]},{\"@type\":\"WebSite\",\"@id\":\"https:\\\/\\\/oficinaeconomicagalicia.xunta.gal\\\/#website\",\"url\":\"https:\\\/\\\/oficinaeconomicagalicia.xunta.gal\\\/\",\"name\":\"Oficina Econ\u00f3mica de Galicia\",\"description\":\"Convertir calquera tr\u00e1mite nun mero tr\u00e1mite\",\"publisher\":{\"@id\":\"https:\\\/\\\/oficinaeconomicagalicia.xunta.gal\\\/#organization\"},\"potentialAction\":[{\"@type\":\"SearchAction\",\"target\":{\"@type\":\"EntryPoint\",\"urlTemplate\":\"https:\\\/\\\/oficinaeconomicagalicia.xunta.gal\\\/?s={search_term_string}\"},\"query-input\":{\"@type\":\"PropertyValueSpecification\",\"valueRequired\":true,\"valueName\":\"search_term_string\"}}],\"inLanguage\":\"es\"},{\"@type\":\"Organization\",\"@id\":\"https:\\\/\\\/oficinaeconomicagalicia.xunta.gal\\\/#organization\",\"name\":\"Oficina Econ\u00f3mica de Galicia\",\"alternateName\":\"OEG\",\"url\":\"https:\\\/\\\/oficinaeconomicagalicia.xunta.gal\\\/\",\"logo\":{\"@type\":\"ImageObject\",\"inLanguage\":\"es\",\"@id\":\"https:\\\/\\\/oficinaeconomicagalicia.xunta.gal\\\/#\\\/schema\\\/logo\\\/image\\\/\",\"url\":\"https:\\\/\\\/oficinaeconomicagalicia.xunta.gal\\\/wp-content\\\/uploads\\\/2023\\\/04\\\/xunta.svg\",\"contentUrl\":\"https:\\\/\\\/oficinaeconomicagalicia.xunta.gal\\\/wp-content\\\/uploads\\\/2023\\\/04\\\/xunta.svg\",\"width\":5952.76,\"height\":1700.79,\"caption\":\"Oficina Econ\u00f3mica de Galicia\"},\"image\":{\"@id\":\"https:\\\/\\\/oficinaeconomicagalicia.xunta.gal\\\/#\\\/schema\\\/logo\\\/image\\\/\"},\"sameAs\":[\"https:\\\/\\\/www.facebook.com\\\/OficinaEconomicadeGalicia\\\/\",\"https:\\\/\\\/www.linkedin.com\\\/company\\\/oficina-economica-de-galicia\\\/\"]}]}<\/script>\n<!-- \/ Yoast SEO plugin. -->","yoast_head_json":{"title":"Como integrar veh\u00edculos el\u00e9ctricos en tu frota? - Oficina Econ\u00f3mica de Galicia","description":"La transici\u00f3n a una flota el\u00e9ctrica requiere planificaci\u00f3n","robots":{"index":"index","follow":"follow","max-snippet":"max-snippet:-1","max-image-preview":"max-image-preview:large","max-video-preview":"max-video-preview:-1"},"canonical":"https:\/\/oficinaeconomicagalicia.xunta.gal\/faqs-ambitos\/como-integrar-vehiculos-electricos-na-tua-frota\/","og_locale":"es_ES","og_type":"article","og_title":"Como integrar veh\u00edculos el\u00e9ctricos en tu frota? - Oficina Econ\u00f3mica de Galicia","og_description":"La transici\u00f3n a una flota el\u00e9ctrica requiere planificaci\u00f3n","og_url":"https:\/\/oficinaeconomicagalicia.xunta.gal\/faqs-ambitos\/como-integrar-vehiculos-electricos-na-tua-frota\/","og_site_name":"Oficina Econ\u00f3mica de Galicia","article_publisher":"https:\/\/www.facebook.com\/OficinaEconomicadeGalicia\/","twitter_card":"summary_large_image","schema":{"@context":"https:\/\/schema.org","@graph":[{"@type":"WebPage","@id":"https:\/\/oficinaeconomicagalicia.xunta.gal\/faqs-ambitos\/como-integrar-vehiculos-electricos-na-tua-frota\/","url":"https:\/\/oficinaeconomicagalicia.xunta.gal\/faqs-ambitos\/como-integrar-vehiculos-electricos-na-tua-frota\/","name":"Como integrar veh\u00edculos el\u00e9ctricos en tu frota? - Oficina Econ\u00f3mica de Galicia","isPartOf":{"@id":"https:\/\/oficinaeconomicagalicia.xunta.gal\/#website"},"datePublished":"2025-03-12T10:14:49+00:00","description":"La transici\u00f3n a una flota el\u00e9ctrica requiere planificaci\u00f3n","breadcrumb":{"@id":"https:\/\/oficinaeconomicagalicia.xunta.gal\/faqs-ambitos\/como-integrar-vehiculos-electricos-na-tua-frota\/#breadcrumb"},"inLanguage":"es","potentialAction":[{"@type":"ReadAction","target":["https:\/\/oficinaeconomicagalicia.xunta.gal\/faqs-ambitos\/como-integrar-vehiculos-electricos-na-tua-frota\/"]}]},{"@type":"BreadcrumbList","@id":"https:\/\/oficinaeconomicagalicia.xunta.gal\/faqs-ambitos\/como-integrar-vehiculos-electricos-na-tua-frota\/#breadcrumb","itemListElement":[{"@type":"ListItem","position":1,"name":"Inicio","item":"https:\/\/oficinaeconomicagalicia.xunta.gal\/"},{"@type":"ListItem","position":2,"name":"Como integrar veh\u00edculos el\u00e9ctricos en tu frota?"}]},{"@type":"WebSite","@id":"https:\/\/oficinaeconomicagalicia.xunta.gal\/#website","url":"https:\/\/oficinaeconomicagalicia.xunta.gal\/","name":"Oficina Econ\u00f3mica de Galicia","description":"Convertir calquera tr\u00e1mite nun mero tr\u00e1mite","publisher":{"@id":"https:\/\/oficinaeconomicagalicia.xunta.gal\/#organization"},"potentialAction":[{"@type":"SearchAction","target":{"@type":"EntryPoint","urlTemplate":"https:\/\/oficinaeconomicagalicia.xunta.gal\/?s={search_term_string}"},"query-input":{"@type":"PropertyValueSpecification","valueRequired":true,"valueName":"search_term_string"}}],"inLanguage":"es"},{"@type":"Organization","@id":"https:\/\/oficinaeconomicagalicia.xunta.gal\/#organization","name":"Oficina Econ\u00f3mica de Galicia","alternateName":"OEG","url":"https:\/\/oficinaeconomicagalicia.xunta.gal\/","logo":{"@type":"ImageObject","inLanguage":"es","@id":"https:\/\/oficinaeconomicagalicia.xunta.gal\/#\/schema\/logo\/image\/","url":"https:\/\/oficinaeconomicagalicia.xunta.gal\/wp-content\/uploads\/2023\/04\/xunta.svg","contentUrl":"https:\/\/oficinaeconomicagalicia.xunta.gal\/wp-content\/uploads\/2023\/04\/xunta.svg","width":5952.76,"height":1700.79,"caption":"Oficina Econ\u00f3mica de Galicia"},"image":{"@id":"https:\/\/oficinaeconomicagalicia.xunta.gal\/#\/schema\/logo\/image\/"},"sameAs":["https:\/\/www.facebook.com\/OficinaEconomicadeGalicia\/","https:\/\/www.linkedin.com\/company\/oficina-economica-de-galicia\/"]}]}},"_links":{"self":[{"href":"https:\/\/oficinaeconomicagalicia.xunta.gal\/es\/wp-json\/wp\/v2\/faqs-ambitos\/13762","targetHints":{"allow":["GET"]}}],"collection":[{"href":"https:\/\/oficinaeconomicagalicia.xunta.gal\/es\/wp-json\/wp\/v2\/faqs-ambitos"}],"about":[{"href":"https:\/\/oficinaeconomicagalicia.xunta.gal\/es\/wp-json\/wp\/v2\/types\/faqs-ambitos"}],"version-history":[{"count":1,"href":"https:\/\/oficinaeconomicagalicia.xunta.gal\/es\/wp-json\/wp\/v2\/faqs-ambitos\/13762\/revisions"}],"predecessor-version":[{"id":14048,"href":"https:\/\/oficinaeconomicagalicia.xunta.gal\/es\/wp-json\/wp\/v2\/faqs-ambitos\/13762\/revisions\/14048"}],"wp:attachment":[{"href":"https:\/\/oficinaeconomicagalicia.xunta.gal\/es\/wp-json\/wp\/v2\/media?parent=13762"}],"wp:term":[{"taxonomy":"categorias","embeddable":true,"href":"https:\/\/oficinaeconomicagalicia.xunta.gal\/es\/wp-json\/wp\/v2\/categorias?post=13762"}],"curies":[{"name":"wp","href":"https:\/\/api.w.org\/{rel}","templated":true}]}}

Como integrar vehículos eléctricos en  tu frota?

<p>La transición a una flota eléctrica requiere planificación. La Oficina Económica Gallega te ayuda a diseñar planes de sustitución progresiva, incorporando análisis de costes, beneficios y necesidades de infraestructura de recarga.</p>
<p>No lo dudes <a href="https://oficinaeconomicagalicia.xunta.gal/asesoramento/competitividade/operacions/"><strong>solicita el asesoramiento de nuestros expertos</strong></a></p>

<p>La transición a una flota eléctrica requiere planificación</p>

<!-- This site is optimized with the Yoast SEO plugin v27.5 - https://yoast.com/product/yoast-seo-wordpress/ -->
<title>Como integrar vehículos eléctricos en tu frota? - Oficina Económica de Galicia</title>
<meta name="description" content="La transición a una flota eléctrica requiere planificación" />
<meta name="robots" content="index, follow, max-snippet:-1, max-image-preview:large, max-video-preview:-1" />
<link rel="canonical" href="https://oficinaeconomicagalicia.xunta.gal/faqs-ambitos/como-integrar-vehiculos-electricos-na-tua-frota/" />
<meta property="og:locale" content="es_ES" />
<meta property="og:type" content="article" />
<meta property="og:title" content="Como integrar vehículos eléctricos en tu frota? - Oficina Económica de Galicia" />
<meta property="og:description" content="La transición a una flota eléctrica requiere planificación" />
<meta property="og:url" content="https://oficinaeconomicagalicia.xunta.gal/faqs-ambitos/como-integrar-vehiculos-electricos-na-tua-frota/" />
<meta property="og:site_name" content="Oficina Económica de Galicia" />
<meta property="article:publisher" content="https://www.facebook.com/OficinaEconomicadeGalicia/" />
<meta name="twitter:card" content="summary_large_image" />
<script type="application/ld+json" class="yoast-schema-graph">{"@context":"https:\/\/schema.org","@graph":[{"@type":"WebPage","@id":"https:\/\/oficinaeconomicagalicia.xunta.gal\/faqs-ambitos\/como-integrar-vehiculos-electricos-na-tua-frota\/","url":"https:\/\/oficinaeconomicagalicia.xunta.gal\/faqs-ambitos\/como-integrar-vehiculos-electricos-na-tua-frota\/","name":"Como integrar vehículos eléctricos en tu frota? - Oficina Económica de Galicia","isPartOf":{"@id":"https:\/\/oficinaeconomicagalicia.xunta.gal\/#website"},"datePublished":"2025-03-12T10:14:49+00:00","description":"La transición a una flota eléctrica requiere planificación","breadcrumb":{"@id":"https:\/\/oficinaeconomicagalicia.xunta.gal\/faqs-ambitos\/como-integrar-vehiculos-electricos-na-tua-frota\/#breadcrumb"},"inLanguage":"es","potentialAction":[{"@type":"ReadAction","target":["https:\/\/oficinaeconomicagalicia.xunta.gal\/faqs-ambitos\/como-integrar-vehiculos-electricos-na-tua-frota\/"]}]},{"@type":"BreadcrumbList","@id":"https:\/\/oficinaeconomicagalicia.xunta.gal\/faqs-ambitos\/como-integrar-vehiculos-electricos-na-tua-frota\/#breadcrumb","itemListElement":[{"@type":"ListItem","position":1,"name":"Inicio","item":"https:\/\/oficinaeconomicagalicia.xunta.gal\/"},{"@type":"ListItem","position":2,"name":"Como integrar vehículos eléctricos en tu frota?"}]},{"@type":"WebSite","@id":"https:\/\/oficinaeconomicagalicia.xunta.gal\/#website","url":"https:\/\/oficinaeconomicagalicia.xunta.gal\/","name":"Oficina Económica de Galicia","description":"Convertir calquera trámite nun mero trámite","publisher":{"@id":"https:\/\/oficinaeconomicagalicia.xunta.gal\/#organization"},"potentialAction":[{"@type":"SearchAction","target":{"@type":"EntryPoint","urlTemplate":"https:\/\/oficinaeconomicagalicia.xunta.gal\/?s={search_term_string}"},"query-input":{"@type":"PropertyValueSpecification","valueRequired":true,"valueName":"search_term_string"}}],"inLanguage":"es"},{"@type":"Organization","@id":"https:\/\/oficinaeconomicagalicia.xunta.gal\/#organization","name":"Oficina Económica de Galicia","alternateName":"OEG","url":"https:\/\/oficinaeconomicagalicia.xunta.gal\/","logo":{"@type":"ImageObject","inLanguage":"es","@id":"https:\/\/oficinaeconomicagalicia.xunta.gal\/#\/schema\/logo\/image\/","url":"https:\/\/oficinaeconomicagalicia.xunta.gal\/wp-content\/uploads\/2023\/04\/xunta.svg","contentUrl":"https:\/\/oficinaeconomicagalicia.xunta.gal\/wp-content\/uploads\/2023\/04\/xunta.svg","width":5952.76,"height":1700.79,"caption":"Oficina Económica de Galicia"},"image":{"@id":"https:\/\/oficinaeconomicagalicia.xunta.gal\/#\/schema\/logo\/image\/"},"sameAs":["https:\/\/www.facebook.com\/OficinaEconomicadeGalicia\/","https:\/\/www.linkedin.com\/company\/oficina-economica-de-galicia\/"]}]}</script>
<!-- / Yoast SEO plugin. -->

Como integrar vehículos eléctricos en tu frota? - Oficina Económica de Galicia

La transición a una flota eléctrica requiere planificación

Oficina Económica de Galicia

Como integrar vehículos eléctricos en tu frota?

Convertir calquera trámite nun mero trámite
