{"id":19023,"date":"2026-03-02T09:00:55","date_gmt":"2026-03-02T07:00:55","guid":{"rendered":"https:\/\/oficinaeconomicagalicia.xunta.gal\/faqs-ambitos\/que-procesos-del-dia-a-dia-se-pueden-proteger-legalmente\/"},"modified":"2026-03-02T09:00:55","modified_gmt":"2026-03-02T07:00:55","slug":"que-procesos-del-dia-a-dia-se-pueden-proteger-legalmente","status":"publish","type":"faqs-ambitos","link":"https:\/\/oficinaeconomicagalicia.xunta.gal\/es\/faqs-ambitos\/que-procesos-del-dia-a-dia-se-pueden-proteger-legalmente\/","title":{"rendered":"\u00bfQu\u00e9 procesos del d\u00eda a d\u00eda se pueden proteger legalmente?"},"content":{"rendered":"<p>Muchos activos intangibles pueden protegerse, por ejemplo:<\/p>\n<ul>\n<li>Procedimientos t\u00e9cnicos propios<\/li>\n<li>M\u00e9todos de fabricaci\u00f3n o montaje<\/li>\n<li>Software desarrollado internamente<\/li>\n<li>Dise\u00f1os de productos<\/li>\n<li>Contenidos digitales, cat\u00e1logos o manuales<\/li>\n<li>Bases de datos y documentaci\u00f3n t\u00e9cnica<\/li>\n<li>Identidad corporativa y marca<\/li>\n<\/ul>\n<p>No lo dudes, <a href=\"https:\/\/asesoramento-oficinaeconomica.igape.es\/inquiry\/gl\/stepper\/?axisId=4&amp;scopeId=19\">solicita el asesoramiento de nuestros expertos.<\/a><\/p>\n","protected":false},"excerpt":{"rendered":"<p>Muchos activos intangibles pueden protegerse, por ejemplo: Procedimientos t\u00e9cnicos propios, M\u00e9todos de fabricaci\u00f3n o montaje,&#8230;<\/p>\n","protected":false},"template":"","categorias":[68,70],"class_list":["post-19023","faqs-ambitos","type-faqs-ambitos","status-publish","hentry","categorias-innovacion-es","categorias-proteccion-innovacion"],"yoast_head":"<!-- This site is optimized with the Yoast SEO plugin v27.5 - https:\/\/yoast.com\/product\/yoast-seo-wordpress\/ -->\n<title>\u00bfQu\u00e9 procesos del d\u00eda a d\u00eda se pueden proteger legalmente? - Oficina Econ\u00f3mica de Galicia<\/title>\n<meta name=\"description\" content=\"Muchos activos intangibles pueden protegerse, por ejemplo: Procedimientos t\u00e9cnicos propios, M\u00e9todos de fabricaci\u00f3n o montaje,...\" \/>\n<meta name=\"robots\" content=\"index, follow, max-snippet:-1, max-image-preview:large, max-video-preview:-1\" \/>\n<link rel=\"canonical\" href=\"https:\/\/oficinaeconomicagalicia.xunta.gal\/faqs-ambitos\/que-procesos-do-dia-a-dia-se-poden-protexer-legalmente\/\" \/>\n<meta property=\"og:locale\" content=\"es_ES\" \/>\n<meta property=\"og:type\" content=\"article\" \/>\n<meta property=\"og:title\" content=\"\u00bfQu\u00e9 procesos del d\u00eda a d\u00eda se pueden proteger legalmente? - Oficina Econ\u00f3mica de Galicia\" \/>\n<meta property=\"og:description\" content=\"Muchos activos intangibles pueden protegerse, por ejemplo: Procedimientos t\u00e9cnicos propios, M\u00e9todos de fabricaci\u00f3n o montaje,...\" \/>\n<meta property=\"og:url\" content=\"https:\/\/oficinaeconomicagalicia.xunta.gal\/faqs-ambitos\/que-procesos-do-dia-a-dia-se-poden-protexer-legalmente\/\" \/>\n<meta property=\"og:site_name\" content=\"Oficina Econ\u00f3mica de Galicia\" \/>\n<meta property=\"article:publisher\" content=\"https:\/\/www.facebook.com\/OficinaEconomicadeGalicia\/\" \/>\n<meta name=\"twitter:card\" content=\"summary_large_image\" \/>\n<script type=\"application\/ld+json\" class=\"yoast-schema-graph\">{\"@context\":\"https:\\\/\\\/schema.org\",\"@graph\":[{\"@type\":\"WebPage\",\"@id\":\"https:\\\/\\\/oficinaeconomicagalicia.xunta.gal\\\/faqs-ambitos\\\/que-procesos-do-dia-a-dia-se-poden-protexer-legalmente\\\/\",\"url\":\"https:\\\/\\\/oficinaeconomicagalicia.xunta.gal\\\/faqs-ambitos\\\/que-procesos-do-dia-a-dia-se-poden-protexer-legalmente\\\/\",\"name\":\"\u00bfQu\u00e9 procesos del d\u00eda a d\u00eda se pueden proteger legalmente? - Oficina Econ\u00f3mica de Galicia\",\"isPartOf\":{\"@id\":\"https:\\\/\\\/oficinaeconomicagalicia.xunta.gal\\\/#website\"},\"datePublished\":\"2026-03-02T07:00:55+00:00\",\"description\":\"Muchos activos intangibles pueden protegerse, por ejemplo: Procedimientos t\u00e9cnicos propios, M\u00e9todos de fabricaci\u00f3n o montaje,...\",\"breadcrumb\":{\"@id\":\"https:\\\/\\\/oficinaeconomicagalicia.xunta.gal\\\/faqs-ambitos\\\/que-procesos-do-dia-a-dia-se-poden-protexer-legalmente\\\/#breadcrumb\"},\"inLanguage\":\"es\",\"potentialAction\":[{\"@type\":\"ReadAction\",\"target\":[\"https:\\\/\\\/oficinaeconomicagalicia.xunta.gal\\\/faqs-ambitos\\\/que-procesos-do-dia-a-dia-se-poden-protexer-legalmente\\\/\"]}]},{\"@type\":\"BreadcrumbList\",\"@id\":\"https:\\\/\\\/oficinaeconomicagalicia.xunta.gal\\\/faqs-ambitos\\\/que-procesos-do-dia-a-dia-se-poden-protexer-legalmente\\\/#breadcrumb\",\"itemListElement\":[{\"@type\":\"ListItem\",\"position\":1,\"name\":\"Inicio\",\"item\":\"https:\\\/\\\/oficinaeconomicagalicia.xunta.gal\\\/\"},{\"@type\":\"ListItem\",\"position\":2,\"name\":\"\u00bfQu\u00e9 procesos del d\u00eda a d\u00eda se pueden proteger legalmente?\"}]},{\"@type\":\"WebSite\",\"@id\":\"https:\\\/\\\/oficinaeconomicagalicia.xunta.gal\\\/#website\",\"url\":\"https:\\\/\\\/oficinaeconomicagalicia.xunta.gal\\\/\",\"name\":\"Oficina Econ\u00f3mica de Galicia\",\"description\":\"Convertir calquera tr\u00e1mite nun mero tr\u00e1mite\",\"publisher\":{\"@id\":\"https:\\\/\\\/oficinaeconomicagalicia.xunta.gal\\\/#organization\"},\"potentialAction\":[{\"@type\":\"SearchAction\",\"target\":{\"@type\":\"EntryPoint\",\"urlTemplate\":\"https:\\\/\\\/oficinaeconomicagalicia.xunta.gal\\\/?s={search_term_string}\"},\"query-input\":{\"@type\":\"PropertyValueSpecification\",\"valueRequired\":true,\"valueName\":\"search_term_string\"}}],\"inLanguage\":\"es\"},{\"@type\":\"Organization\",\"@id\":\"https:\\\/\\\/oficinaeconomicagalicia.xunta.gal\\\/#organization\",\"name\":\"Oficina Econ\u00f3mica de Galicia\",\"alternateName\":\"OEG\",\"url\":\"https:\\\/\\\/oficinaeconomicagalicia.xunta.gal\\\/\",\"logo\":{\"@type\":\"ImageObject\",\"inLanguage\":\"es\",\"@id\":\"https:\\\/\\\/oficinaeconomicagalicia.xunta.gal\\\/#\\\/schema\\\/logo\\\/image\\\/\",\"url\":\"https:\\\/\\\/oficinaeconomicagalicia.xunta.gal\\\/wp-content\\\/uploads\\\/2023\\\/04\\\/xunta.svg\",\"contentUrl\":\"https:\\\/\\\/oficinaeconomicagalicia.xunta.gal\\\/wp-content\\\/uploads\\\/2023\\\/04\\\/xunta.svg\",\"width\":5952.76,\"height\":1700.79,\"caption\":\"Oficina Econ\u00f3mica de Galicia\"},\"image\":{\"@id\":\"https:\\\/\\\/oficinaeconomicagalicia.xunta.gal\\\/#\\\/schema\\\/logo\\\/image\\\/\"},\"sameAs\":[\"https:\\\/\\\/www.facebook.com\\\/OficinaEconomicadeGalicia\\\/\",\"https:\\\/\\\/www.linkedin.com\\\/company\\\/oficina-economica-de-galicia\\\/\"]}]}<\/script>\n<!-- \/ Yoast SEO plugin. -->","yoast_head_json":{"title":"\u00bfQu\u00e9 procesos del d\u00eda a d\u00eda se pueden proteger legalmente? - Oficina Econ\u00f3mica de Galicia","description":"Muchos activos intangibles pueden protegerse, por ejemplo: Procedimientos t\u00e9cnicos propios, M\u00e9todos de fabricaci\u00f3n o montaje,...","robots":{"index":"index","follow":"follow","max-snippet":"max-snippet:-1","max-image-preview":"max-image-preview:large","max-video-preview":"max-video-preview:-1"},"canonical":"https:\/\/oficinaeconomicagalicia.xunta.gal\/faqs-ambitos\/que-procesos-do-dia-a-dia-se-poden-protexer-legalmente\/","og_locale":"es_ES","og_type":"article","og_title":"\u00bfQu\u00e9 procesos del d\u00eda a d\u00eda se pueden proteger legalmente? - Oficina Econ\u00f3mica de Galicia","og_description":"Muchos activos intangibles pueden protegerse, por ejemplo: Procedimientos t\u00e9cnicos propios, M\u00e9todos de fabricaci\u00f3n o montaje,...","og_url":"https:\/\/oficinaeconomicagalicia.xunta.gal\/faqs-ambitos\/que-procesos-do-dia-a-dia-se-poden-protexer-legalmente\/","og_site_name":"Oficina Econ\u00f3mica de Galicia","article_publisher":"https:\/\/www.facebook.com\/OficinaEconomicadeGalicia\/","twitter_card":"summary_large_image","schema":{"@context":"https:\/\/schema.org","@graph":[{"@type":"WebPage","@id":"https:\/\/oficinaeconomicagalicia.xunta.gal\/faqs-ambitos\/que-procesos-do-dia-a-dia-se-poden-protexer-legalmente\/","url":"https:\/\/oficinaeconomicagalicia.xunta.gal\/faqs-ambitos\/que-procesos-do-dia-a-dia-se-poden-protexer-legalmente\/","name":"\u00bfQu\u00e9 procesos del d\u00eda a d\u00eda se pueden proteger legalmente? - Oficina Econ\u00f3mica de Galicia","isPartOf":{"@id":"https:\/\/oficinaeconomicagalicia.xunta.gal\/#website"},"datePublished":"2026-03-02T07:00:55+00:00","description":"Muchos activos intangibles pueden protegerse, por ejemplo: Procedimientos t\u00e9cnicos propios, M\u00e9todos de fabricaci\u00f3n o montaje,...","breadcrumb":{"@id":"https:\/\/oficinaeconomicagalicia.xunta.gal\/faqs-ambitos\/que-procesos-do-dia-a-dia-se-poden-protexer-legalmente\/#breadcrumb"},"inLanguage":"es","potentialAction":[{"@type":"ReadAction","target":["https:\/\/oficinaeconomicagalicia.xunta.gal\/faqs-ambitos\/que-procesos-do-dia-a-dia-se-poden-protexer-legalmente\/"]}]},{"@type":"BreadcrumbList","@id":"https:\/\/oficinaeconomicagalicia.xunta.gal\/faqs-ambitos\/que-procesos-do-dia-a-dia-se-poden-protexer-legalmente\/#breadcrumb","itemListElement":[{"@type":"ListItem","position":1,"name":"Inicio","item":"https:\/\/oficinaeconomicagalicia.xunta.gal\/"},{"@type":"ListItem","position":2,"name":"\u00bfQu\u00e9 procesos del d\u00eda a d\u00eda se pueden proteger legalmente?"}]},{"@type":"WebSite","@id":"https:\/\/oficinaeconomicagalicia.xunta.gal\/#website","url":"https:\/\/oficinaeconomicagalicia.xunta.gal\/","name":"Oficina Econ\u00f3mica de Galicia","description":"Convertir calquera tr\u00e1mite nun mero tr\u00e1mite","publisher":{"@id":"https:\/\/oficinaeconomicagalicia.xunta.gal\/#organization"},"potentialAction":[{"@type":"SearchAction","target":{"@type":"EntryPoint","urlTemplate":"https:\/\/oficinaeconomicagalicia.xunta.gal\/?s={search_term_string}"},"query-input":{"@type":"PropertyValueSpecification","valueRequired":true,"valueName":"search_term_string"}}],"inLanguage":"es"},{"@type":"Organization","@id":"https:\/\/oficinaeconomicagalicia.xunta.gal\/#organization","name":"Oficina Econ\u00f3mica de Galicia","alternateName":"OEG","url":"https:\/\/oficinaeconomicagalicia.xunta.gal\/","logo":{"@type":"ImageObject","inLanguage":"es","@id":"https:\/\/oficinaeconomicagalicia.xunta.gal\/#\/schema\/logo\/image\/","url":"https:\/\/oficinaeconomicagalicia.xunta.gal\/wp-content\/uploads\/2023\/04\/xunta.svg","contentUrl":"https:\/\/oficinaeconomicagalicia.xunta.gal\/wp-content\/uploads\/2023\/04\/xunta.svg","width":5952.76,"height":1700.79,"caption":"Oficina Econ\u00f3mica de Galicia"},"image":{"@id":"https:\/\/oficinaeconomicagalicia.xunta.gal\/#\/schema\/logo\/image\/"},"sameAs":["https:\/\/www.facebook.com\/OficinaEconomicadeGalicia\/","https:\/\/www.linkedin.com\/company\/oficina-economica-de-galicia\/"]}]}},"_links":{"self":[{"href":"https:\/\/oficinaeconomicagalicia.xunta.gal\/es\/wp-json\/wp\/v2\/faqs-ambitos\/19023","targetHints":{"allow":["GET"]}}],"collection":[{"href":"https:\/\/oficinaeconomicagalicia.xunta.gal\/es\/wp-json\/wp\/v2\/faqs-ambitos"}],"about":[{"href":"https:\/\/oficinaeconomicagalicia.xunta.gal\/es\/wp-json\/wp\/v2\/types\/faqs-ambitos"}],"version-history":[{"count":0,"href":"https:\/\/oficinaeconomicagalicia.xunta.gal\/es\/wp-json\/wp\/v2\/faqs-ambitos\/19023\/revisions"}],"wp:attachment":[{"href":"https:\/\/oficinaeconomicagalicia.xunta.gal\/es\/wp-json\/wp\/v2\/media?parent=19023"}],"wp:term":[{"taxonomy":"categorias","embeddable":true,"href":"https:\/\/oficinaeconomicagalicia.xunta.gal\/es\/wp-json\/wp\/v2\/categorias?post=19023"}],"curies":[{"name":"wp","href":"https:\/\/api.w.org\/{rel}","templated":true}]}}

¿Qué procesos del día a día se pueden proteger legalmente?

<p>Muchos activos intangibles pueden protegerse, por ejemplo:</p>
<ul>
<li>Procedimientos técnicos propios</li>
<li>Métodos de fabricación o montaje</li>
<li>Software desarrollado internamente</li>
<li>Diseños de productos</li>
<li>Contenidos digitales, catálogos o manuales</li>
<li>Bases de datos y documentación técnica</li>
<li>Identidad corporativa y marca</li>
</ul>
<p>No lo dudes, <a href="https://asesoramento-oficinaeconomica.igape.es/inquiry/gl/stepper/?axisId=4&amp;scopeId=19">solicita el asesoramiento de nuestros expertos.</a></p>

<p>Muchos activos intangibles pueden protegerse, por ejemplo: Procedimientos técnicos propios, Métodos de fabricación o montaje,&#8230;</p>

<!-- This site is optimized with the Yoast SEO plugin v27.5 - https://yoast.com/product/yoast-seo-wordpress/ -->
<title>¿Qué procesos del día a día se pueden proteger legalmente? - Oficina Económica de Galicia</title>
<meta name="description" content="Muchos activos intangibles pueden protegerse, por ejemplo: Procedimientos técnicos propios, Métodos de fabricación o montaje,..." />
<meta name="robots" content="index, follow, max-snippet:-1, max-image-preview:large, max-video-preview:-1" />
<link rel="canonical" href="https://oficinaeconomicagalicia.xunta.gal/faqs-ambitos/que-procesos-do-dia-a-dia-se-poden-protexer-legalmente/" />
<meta property="og:locale" content="es_ES" />
<meta property="og:type" content="article" />
<meta property="og:title" content="¿Qué procesos del día a día se pueden proteger legalmente? - Oficina Económica de Galicia" />
<meta property="og:description" content="Muchos activos intangibles pueden protegerse, por ejemplo: Procedimientos técnicos propios, Métodos de fabricación o montaje,..." />
<meta property="og:url" content="https://oficinaeconomicagalicia.xunta.gal/faqs-ambitos/que-procesos-do-dia-a-dia-se-poden-protexer-legalmente/" />
<meta property="og:site_name" content="Oficina Económica de Galicia" />
<meta property="article:publisher" content="https://www.facebook.com/OficinaEconomicadeGalicia/" />
<meta name="twitter:card" content="summary_large_image" />
<script type="application/ld+json" class="yoast-schema-graph">{"@context":"https:\/\/schema.org","@graph":[{"@type":"WebPage","@id":"https:\/\/oficinaeconomicagalicia.xunta.gal\/faqs-ambitos\/que-procesos-do-dia-a-dia-se-poden-protexer-legalmente\/","url":"https:\/\/oficinaeconomicagalicia.xunta.gal\/faqs-ambitos\/que-procesos-do-dia-a-dia-se-poden-protexer-legalmente\/","name":"¿Qué procesos del día a día se pueden proteger legalmente? - Oficina Económica de Galicia","isPartOf":{"@id":"https:\/\/oficinaeconomicagalicia.xunta.gal\/#website"},"datePublished":"2026-03-02T07:00:55+00:00","description":"Muchos activos intangibles pueden protegerse, por ejemplo: Procedimientos técnicos propios, Métodos de fabricación o montaje,...","breadcrumb":{"@id":"https:\/\/oficinaeconomicagalicia.xunta.gal\/faqs-ambitos\/que-procesos-do-dia-a-dia-se-poden-protexer-legalmente\/#breadcrumb"},"inLanguage":"es","potentialAction":[{"@type":"ReadAction","target":["https:\/\/oficinaeconomicagalicia.xunta.gal\/faqs-ambitos\/que-procesos-do-dia-a-dia-se-poden-protexer-legalmente\/"]}]},{"@type":"BreadcrumbList","@id":"https:\/\/oficinaeconomicagalicia.xunta.gal\/faqs-ambitos\/que-procesos-do-dia-a-dia-se-poden-protexer-legalmente\/#breadcrumb","itemListElement":[{"@type":"ListItem","position":1,"name":"Inicio","item":"https:\/\/oficinaeconomicagalicia.xunta.gal\/"},{"@type":"ListItem","position":2,"name":"¿Qué procesos del día a día se pueden proteger legalmente?"}]},{"@type":"WebSite","@id":"https:\/\/oficinaeconomicagalicia.xunta.gal\/#website","url":"https:\/\/oficinaeconomicagalicia.xunta.gal\/","name":"Oficina Económica de Galicia","description":"Convertir calquera trámite nun mero trámite","publisher":{"@id":"https:\/\/oficinaeconomicagalicia.xunta.gal\/#organization"},"potentialAction":[{"@type":"SearchAction","target":{"@type":"EntryPoint","urlTemplate":"https:\/\/oficinaeconomicagalicia.xunta.gal\/?s={search_term_string}"},"query-input":{"@type":"PropertyValueSpecification","valueRequired":true,"valueName":"search_term_string"}}],"inLanguage":"es"},{"@type":"Organization","@id":"https:\/\/oficinaeconomicagalicia.xunta.gal\/#organization","name":"Oficina Económica de Galicia","alternateName":"OEG","url":"https:\/\/oficinaeconomicagalicia.xunta.gal\/","logo":{"@type":"ImageObject","inLanguage":"es","@id":"https:\/\/oficinaeconomicagalicia.xunta.gal\/#\/schema\/logo\/image\/","url":"https:\/\/oficinaeconomicagalicia.xunta.gal\/wp-content\/uploads\/2023\/04\/xunta.svg","contentUrl":"https:\/\/oficinaeconomicagalicia.xunta.gal\/wp-content\/uploads\/2023\/04\/xunta.svg","width":5952.76,"height":1700.79,"caption":"Oficina Económica de Galicia"},"image":{"@id":"https:\/\/oficinaeconomicagalicia.xunta.gal\/#\/schema\/logo\/image\/"},"sameAs":["https:\/\/www.facebook.com\/OficinaEconomicadeGalicia\/","https:\/\/www.linkedin.com\/company\/oficina-economica-de-galicia\/"]}]}</script>
<!-- / Yoast SEO plugin. -->

¿Qué procesos del día a día se pueden proteger legalmente? - Oficina Económica de Galicia

Muchos activos intangibles pueden protegerse, por ejemplo: Procedimientos técnicos propios, Métodos de fabricación o montaje,...

Oficina Económica de Galicia

Convertir calquera trámite nun mero trámite
