{"id":19039,"date":"2026-03-06T09:00:28","date_gmt":"2026-03-06T07:00:28","guid":{"rendered":"https:\/\/oficinaeconomicagalicia.xunta.gal\/?post_type=faqs-ambitos&p=19039"},"modified":"2026-03-06T09:00:28","modified_gmt":"2026-03-06T07:00:28","slug":"los-disenos-de-productos-tambien-se-pueden-registrar","status":"publish","type":"faqs-ambitos","link":"https:\/\/oficinaeconomicagalicia.xunta.gal\/es\/faqs-ambitos\/los-disenos-de-productos-tambien-se-pueden-registrar\/","title":{"rendered":"\u00bfLos dise\u00f1os de productos tambi\u00e9n se pueden registrar?"},"content":{"rendered":"<p>S\u00ed. Los dise\u00f1os industriales permiten proteger la apariencia externa de un producto: forma, colores, envases o presentaci\u00f3n visual. Esto es especialmente \u00fatil en sectores como alimentaci\u00f3n, moda, embalaje o producto industrial.<\/p>\n<p>No lo dudes, <a href=\"https:\/\/asesoramento-oficinaeconomica.igape.es\/inquiry\/gl\/stepper\/?axisId=4&amp;scopeId=19\">solicita el asesoramiento de nuestros expertos.<\/a><\/p>\n","protected":false},"excerpt":{"rendered":"<p>S\u00ed. Los dise\u00f1os industriales permiten proteger la apariencia externa de un producto: forma, colores, envases o presentaci\u00f3n visual.<\/p>\n","protected":false},"template":"","categorias":[68,70],"class_list":["post-19039","faqs-ambitos","type-faqs-ambitos","status-publish","hentry","categorias-innovacion-es","categorias-proteccion-innovacion"],"yoast_head":"<!-- This site is optimized with the Yoast SEO plugin v27.5 - https:\/\/yoast.com\/product\/yoast-seo-wordpress\/ -->\n<title>\u00bfLos dise\u00f1os de productos tambi\u00e9n se pueden registrar? - Oficina Econ\u00f3mica de Galicia<\/title>\n<meta name=\"description\" content=\"S\u00ed. Los dise\u00f1os industriales permiten proteger la apariencia externa de un producto: forma, colores, envases o presentaci\u00f3n visual.\" \/>\n<meta name=\"robots\" content=\"index, follow, max-snippet:-1, max-image-preview:large, max-video-preview:-1\" \/>\n<link rel=\"canonical\" href=\"https:\/\/oficinaeconomicagalicia.xunta.gal\/faqs-ambitos\/os-desenos-de-produtos-tamen-se-poden-rexistrar\/\" \/>\n<meta property=\"og:locale\" content=\"es_ES\" \/>\n<meta property=\"og:type\" content=\"article\" \/>\n<meta property=\"og:title\" content=\"\u00bfLos dise\u00f1os de productos tambi\u00e9n se pueden registrar? - Oficina Econ\u00f3mica de Galicia\" \/>\n<meta property=\"og:description\" content=\"S\u00ed. Los dise\u00f1os industriales permiten proteger la apariencia externa de un producto: forma, colores, envases o presentaci\u00f3n visual.\" \/>\n<meta property=\"og:url\" content=\"https:\/\/oficinaeconomicagalicia.xunta.gal\/faqs-ambitos\/os-desenos-de-produtos-tamen-se-poden-rexistrar\/\" \/>\n<meta property=\"og:site_name\" content=\"Oficina Econ\u00f3mica de Galicia\" \/>\n<meta property=\"article:publisher\" content=\"https:\/\/www.facebook.com\/OficinaEconomicadeGalicia\/\" \/>\n<meta name=\"twitter:card\" content=\"summary_large_image\" \/>\n<script type=\"application\/ld+json\" class=\"yoast-schema-graph\">{\"@context\":\"https:\\\/\\\/schema.org\",\"@graph\":[{\"@type\":\"WebPage\",\"@id\":\"https:\\\/\\\/oficinaeconomicagalicia.xunta.gal\\\/faqs-ambitos\\\/os-desenos-de-produtos-tamen-se-poden-rexistrar\\\/\",\"url\":\"https:\\\/\\\/oficinaeconomicagalicia.xunta.gal\\\/faqs-ambitos\\\/os-desenos-de-produtos-tamen-se-poden-rexistrar\\\/\",\"name\":\"\u00bfLos dise\u00f1os de productos tambi\u00e9n se pueden registrar? - Oficina Econ\u00f3mica de Galicia\",\"isPartOf\":{\"@id\":\"https:\\\/\\\/oficinaeconomicagalicia.xunta.gal\\\/#website\"},\"datePublished\":\"2026-03-06T07:00:28+00:00\",\"description\":\"S\u00ed. Los dise\u00f1os industriales permiten proteger la apariencia externa de un producto: forma, colores, envases o presentaci\u00f3n visual.\",\"breadcrumb\":{\"@id\":\"https:\\\/\\\/oficinaeconomicagalicia.xunta.gal\\\/faqs-ambitos\\\/os-desenos-de-produtos-tamen-se-poden-rexistrar\\\/#breadcrumb\"},\"inLanguage\":\"es\",\"potentialAction\":[{\"@type\":\"ReadAction\",\"target\":[\"https:\\\/\\\/oficinaeconomicagalicia.xunta.gal\\\/faqs-ambitos\\\/os-desenos-de-produtos-tamen-se-poden-rexistrar\\\/\"]}]},{\"@type\":\"BreadcrumbList\",\"@id\":\"https:\\\/\\\/oficinaeconomicagalicia.xunta.gal\\\/faqs-ambitos\\\/os-desenos-de-produtos-tamen-se-poden-rexistrar\\\/#breadcrumb\",\"itemListElement\":[{\"@type\":\"ListItem\",\"position\":1,\"name\":\"Inicio\",\"item\":\"https:\\\/\\\/oficinaeconomicagalicia.xunta.gal\\\/\"},{\"@type\":\"ListItem\",\"position\":2,\"name\":\"\u00bfLos dise\u00f1os de productos tambi\u00e9n se pueden registrar?\"}]},{\"@type\":\"WebSite\",\"@id\":\"https:\\\/\\\/oficinaeconomicagalicia.xunta.gal\\\/#website\",\"url\":\"https:\\\/\\\/oficinaeconomicagalicia.xunta.gal\\\/\",\"name\":\"Oficina Econ\u00f3mica de Galicia\",\"description\":\"Convertir calquera tr\u00e1mite nun mero tr\u00e1mite\",\"publisher\":{\"@id\":\"https:\\\/\\\/oficinaeconomicagalicia.xunta.gal\\\/#organization\"},\"potentialAction\":[{\"@type\":\"SearchAction\",\"target\":{\"@type\":\"EntryPoint\",\"urlTemplate\":\"https:\\\/\\\/oficinaeconomicagalicia.xunta.gal\\\/?s={search_term_string}\"},\"query-input\":{\"@type\":\"PropertyValueSpecification\",\"valueRequired\":true,\"valueName\":\"search_term_string\"}}],\"inLanguage\":\"es\"},{\"@type\":\"Organization\",\"@id\":\"https:\\\/\\\/oficinaeconomicagalicia.xunta.gal\\\/#organization\",\"name\":\"Oficina Econ\u00f3mica de Galicia\",\"alternateName\":\"OEG\",\"url\":\"https:\\\/\\\/oficinaeconomicagalicia.xunta.gal\\\/\",\"logo\":{\"@type\":\"ImageObject\",\"inLanguage\":\"es\",\"@id\":\"https:\\\/\\\/oficinaeconomicagalicia.xunta.gal\\\/#\\\/schema\\\/logo\\\/image\\\/\",\"url\":\"https:\\\/\\\/oficinaeconomicagalicia.xunta.gal\\\/wp-content\\\/uploads\\\/2023\\\/04\\\/xunta.svg\",\"contentUrl\":\"https:\\\/\\\/oficinaeconomicagalicia.xunta.gal\\\/wp-content\\\/uploads\\\/2023\\\/04\\\/xunta.svg\",\"width\":5952.76,\"height\":1700.79,\"caption\":\"Oficina Econ\u00f3mica de Galicia\"},\"image\":{\"@id\":\"https:\\\/\\\/oficinaeconomicagalicia.xunta.gal\\\/#\\\/schema\\\/logo\\\/image\\\/\"},\"sameAs\":[\"https:\\\/\\\/www.facebook.com\\\/OficinaEconomicadeGalicia\\\/\",\"https:\\\/\\\/www.linkedin.com\\\/company\\\/oficina-economica-de-galicia\\\/\"]}]}<\/script>\n<!-- \/ Yoast SEO plugin. -->","yoast_head_json":{"title":"\u00bfLos dise\u00f1os de productos tambi\u00e9n se pueden registrar? - Oficina Econ\u00f3mica de Galicia","description":"S\u00ed. Los dise\u00f1os industriales permiten proteger la apariencia externa de un producto: forma, colores, envases o presentaci\u00f3n visual.","robots":{"index":"index","follow":"follow","max-snippet":"max-snippet:-1","max-image-preview":"max-image-preview:large","max-video-preview":"max-video-preview:-1"},"canonical":"https:\/\/oficinaeconomicagalicia.xunta.gal\/faqs-ambitos\/os-desenos-de-produtos-tamen-se-poden-rexistrar\/","og_locale":"es_ES","og_type":"article","og_title":"\u00bfLos dise\u00f1os de productos tambi\u00e9n se pueden registrar? - Oficina Econ\u00f3mica de Galicia","og_description":"S\u00ed. Los dise\u00f1os industriales permiten proteger la apariencia externa de un producto: forma, colores, envases o presentaci\u00f3n visual.","og_url":"https:\/\/oficinaeconomicagalicia.xunta.gal\/faqs-ambitos\/os-desenos-de-produtos-tamen-se-poden-rexistrar\/","og_site_name":"Oficina Econ\u00f3mica de Galicia","article_publisher":"https:\/\/www.facebook.com\/OficinaEconomicadeGalicia\/","twitter_card":"summary_large_image","schema":{"@context":"https:\/\/schema.org","@graph":[{"@type":"WebPage","@id":"https:\/\/oficinaeconomicagalicia.xunta.gal\/faqs-ambitos\/os-desenos-de-produtos-tamen-se-poden-rexistrar\/","url":"https:\/\/oficinaeconomicagalicia.xunta.gal\/faqs-ambitos\/os-desenos-de-produtos-tamen-se-poden-rexistrar\/","name":"\u00bfLos dise\u00f1os de productos tambi\u00e9n se pueden registrar? - Oficina Econ\u00f3mica de Galicia","isPartOf":{"@id":"https:\/\/oficinaeconomicagalicia.xunta.gal\/#website"},"datePublished":"2026-03-06T07:00:28+00:00","description":"S\u00ed. Los dise\u00f1os industriales permiten proteger la apariencia externa de un producto: forma, colores, envases o presentaci\u00f3n visual.","breadcrumb":{"@id":"https:\/\/oficinaeconomicagalicia.xunta.gal\/faqs-ambitos\/os-desenos-de-produtos-tamen-se-poden-rexistrar\/#breadcrumb"},"inLanguage":"es","potentialAction":[{"@type":"ReadAction","target":["https:\/\/oficinaeconomicagalicia.xunta.gal\/faqs-ambitos\/os-desenos-de-produtos-tamen-se-poden-rexistrar\/"]}]},{"@type":"BreadcrumbList","@id":"https:\/\/oficinaeconomicagalicia.xunta.gal\/faqs-ambitos\/os-desenos-de-produtos-tamen-se-poden-rexistrar\/#breadcrumb","itemListElement":[{"@type":"ListItem","position":1,"name":"Inicio","item":"https:\/\/oficinaeconomicagalicia.xunta.gal\/"},{"@type":"ListItem","position":2,"name":"\u00bfLos dise\u00f1os de productos tambi\u00e9n se pueden registrar?"}]},{"@type":"WebSite","@id":"https:\/\/oficinaeconomicagalicia.xunta.gal\/#website","url":"https:\/\/oficinaeconomicagalicia.xunta.gal\/","name":"Oficina Econ\u00f3mica de Galicia","description":"Convertir calquera tr\u00e1mite nun mero tr\u00e1mite","publisher":{"@id":"https:\/\/oficinaeconomicagalicia.xunta.gal\/#organization"},"potentialAction":[{"@type":"SearchAction","target":{"@type":"EntryPoint","urlTemplate":"https:\/\/oficinaeconomicagalicia.xunta.gal\/?s={search_term_string}"},"query-input":{"@type":"PropertyValueSpecification","valueRequired":true,"valueName":"search_term_string"}}],"inLanguage":"es"},{"@type":"Organization","@id":"https:\/\/oficinaeconomicagalicia.xunta.gal\/#organization","name":"Oficina Econ\u00f3mica de Galicia","alternateName":"OEG","url":"https:\/\/oficinaeconomicagalicia.xunta.gal\/","logo":{"@type":"ImageObject","inLanguage":"es","@id":"https:\/\/oficinaeconomicagalicia.xunta.gal\/#\/schema\/logo\/image\/","url":"https:\/\/oficinaeconomicagalicia.xunta.gal\/wp-content\/uploads\/2023\/04\/xunta.svg","contentUrl":"https:\/\/oficinaeconomicagalicia.xunta.gal\/wp-content\/uploads\/2023\/04\/xunta.svg","width":5952.76,"height":1700.79,"caption":"Oficina Econ\u00f3mica de Galicia"},"image":{"@id":"https:\/\/oficinaeconomicagalicia.xunta.gal\/#\/schema\/logo\/image\/"},"sameAs":["https:\/\/www.facebook.com\/OficinaEconomicadeGalicia\/","https:\/\/www.linkedin.com\/company\/oficina-economica-de-galicia\/"]}]}},"_links":{"self":[{"href":"https:\/\/oficinaeconomicagalicia.xunta.gal\/es\/wp-json\/wp\/v2\/faqs-ambitos\/19039","targetHints":{"allow":["GET"]}}],"collection":[{"href":"https:\/\/oficinaeconomicagalicia.xunta.gal\/es\/wp-json\/wp\/v2\/faqs-ambitos"}],"about":[{"href":"https:\/\/oficinaeconomicagalicia.xunta.gal\/es\/wp-json\/wp\/v2\/types\/faqs-ambitos"}],"version-history":[{"count":1,"href":"https:\/\/oficinaeconomicagalicia.xunta.gal\/es\/wp-json\/wp\/v2\/faqs-ambitos\/19039\/revisions"}],"predecessor-version":[{"id":19096,"href":"https:\/\/oficinaeconomicagalicia.xunta.gal\/es\/wp-json\/wp\/v2\/faqs-ambitos\/19039\/revisions\/19096"}],"wp:attachment":[{"href":"https:\/\/oficinaeconomicagalicia.xunta.gal\/es\/wp-json\/wp\/v2\/media?parent=19039"}],"wp:term":[{"taxonomy":"categorias","embeddable":true,"href":"https:\/\/oficinaeconomicagalicia.xunta.gal\/es\/wp-json\/wp\/v2\/categorias?post=19039"}],"curies":[{"name":"wp","href":"https:\/\/api.w.org\/{rel}","templated":true}]}}

¿Los diseños de productos también se pueden registrar?

<p>Sí. Los diseños industriales permiten proteger la apariencia externa de un producto: forma, colores, envases o presentación visual. Esto es especialmente útil en sectores como alimentación, moda, embalaje o producto industrial.</p>
<p>No lo dudes, <a href="https://asesoramento-oficinaeconomica.igape.es/inquiry/gl/stepper/?axisId=4&amp;scopeId=19">solicita el asesoramiento de nuestros expertos.</a></p>

<p>Sí. Los diseños industriales permiten proteger la apariencia externa de un producto: forma, colores, envases o presentación visual.</p>

<!-- This site is optimized with the Yoast SEO plugin v27.5 - https://yoast.com/product/yoast-seo-wordpress/ -->
<title>¿Los diseños de productos también se pueden registrar? - Oficina Económica de Galicia</title>
<meta name="description" content="Sí. Los diseños industriales permiten proteger la apariencia externa de un producto: forma, colores, envases o presentación visual." />
<meta name="robots" content="index, follow, max-snippet:-1, max-image-preview:large, max-video-preview:-1" />
<link rel="canonical" href="https://oficinaeconomicagalicia.xunta.gal/faqs-ambitos/os-desenos-de-produtos-tamen-se-poden-rexistrar/" />
<meta property="og:locale" content="es_ES" />
<meta property="og:type" content="article" />
<meta property="og:title" content="¿Los diseños de productos también se pueden registrar? - Oficina Económica de Galicia" />
<meta property="og:description" content="Sí. Los diseños industriales permiten proteger la apariencia externa de un producto: forma, colores, envases o presentación visual." />
<meta property="og:url" content="https://oficinaeconomicagalicia.xunta.gal/faqs-ambitos/os-desenos-de-produtos-tamen-se-poden-rexistrar/" />
<meta property="og:site_name" content="Oficina Económica de Galicia" />
<meta property="article:publisher" content="https://www.facebook.com/OficinaEconomicadeGalicia/" />
<meta name="twitter:card" content="summary_large_image" />
<script type="application/ld+json" class="yoast-schema-graph">{"@context":"https:\/\/schema.org","@graph":[{"@type":"WebPage","@id":"https:\/\/oficinaeconomicagalicia.xunta.gal\/faqs-ambitos\/os-desenos-de-produtos-tamen-se-poden-rexistrar\/","url":"https:\/\/oficinaeconomicagalicia.xunta.gal\/faqs-ambitos\/os-desenos-de-produtos-tamen-se-poden-rexistrar\/","name":"¿Los diseños de productos también se pueden registrar? - Oficina Económica de Galicia","isPartOf":{"@id":"https:\/\/oficinaeconomicagalicia.xunta.gal\/#website"},"datePublished":"2026-03-06T07:00:28+00:00","description":"Sí. Los diseños industriales permiten proteger la apariencia externa de un producto: forma, colores, envases o presentación visual.","breadcrumb":{"@id":"https:\/\/oficinaeconomicagalicia.xunta.gal\/faqs-ambitos\/os-desenos-de-produtos-tamen-se-poden-rexistrar\/#breadcrumb"},"inLanguage":"es","potentialAction":[{"@type":"ReadAction","target":["https:\/\/oficinaeconomicagalicia.xunta.gal\/faqs-ambitos\/os-desenos-de-produtos-tamen-se-poden-rexistrar\/"]}]},{"@type":"BreadcrumbList","@id":"https:\/\/oficinaeconomicagalicia.xunta.gal\/faqs-ambitos\/os-desenos-de-produtos-tamen-se-poden-rexistrar\/#breadcrumb","itemListElement":[{"@type":"ListItem","position":1,"name":"Inicio","item":"https:\/\/oficinaeconomicagalicia.xunta.gal\/"},{"@type":"ListItem","position":2,"name":"¿Los diseños de productos también se pueden registrar?"}]},{"@type":"WebSite","@id":"https:\/\/oficinaeconomicagalicia.xunta.gal\/#website","url":"https:\/\/oficinaeconomicagalicia.xunta.gal\/","name":"Oficina Económica de Galicia","description":"Convertir calquera trámite nun mero trámite","publisher":{"@id":"https:\/\/oficinaeconomicagalicia.xunta.gal\/#organization"},"potentialAction":[{"@type":"SearchAction","target":{"@type":"EntryPoint","urlTemplate":"https:\/\/oficinaeconomicagalicia.xunta.gal\/?s={search_term_string}"},"query-input":{"@type":"PropertyValueSpecification","valueRequired":true,"valueName":"search_term_string"}}],"inLanguage":"es"},{"@type":"Organization","@id":"https:\/\/oficinaeconomicagalicia.xunta.gal\/#organization","name":"Oficina Económica de Galicia","alternateName":"OEG","url":"https:\/\/oficinaeconomicagalicia.xunta.gal\/","logo":{"@type":"ImageObject","inLanguage":"es","@id":"https:\/\/oficinaeconomicagalicia.xunta.gal\/#\/schema\/logo\/image\/","url":"https:\/\/oficinaeconomicagalicia.xunta.gal\/wp-content\/uploads\/2023\/04\/xunta.svg","contentUrl":"https:\/\/oficinaeconomicagalicia.xunta.gal\/wp-content\/uploads\/2023\/04\/xunta.svg","width":5952.76,"height":1700.79,"caption":"Oficina Económica de Galicia"},"image":{"@id":"https:\/\/oficinaeconomicagalicia.xunta.gal\/#\/schema\/logo\/image\/"},"sameAs":["https:\/\/www.facebook.com\/OficinaEconomicadeGalicia\/","https:\/\/www.linkedin.com\/company\/oficina-economica-de-galicia\/"]}]}</script>
<!-- / Yoast SEO plugin. -->

¿Los diseños de productos también se pueden registrar? - Oficina Económica de Galicia

Sí. Los diseños industriales permiten proteger la apariencia externa de un producto: forma, colores, envases o presentación visual.

Oficina Económica de Galicia

Convertir calquera trámite nun mero trámite
